000
CDUS46 KSGX 020017
CLIRNM


CLIMATE REPORT
NATIONAL WEATHER SERVICE SAN DIEGO, CA
517 PM PDT WED APR 1 2015


...................................

...THE RAMONA AIRPORT CA CLIMATE SUMMARY FOR APRIL 1 2015...
VALID TODAY AS OF 0500 PM LOCAL TIME.

CLIMATE NORMAL PERIOD 1981 TO 2010
CLIMATE RECORD PERIOD 1974 TO 2015


WEATHER ITEM   OBSERVED TIME   RECORD YEAR NORMAL DEPARTURE LAST
                VALUE   (LST)  VALUE       VALUE  FROM      YEAR
                                                  NORMAL
..................................................................
TEMPERATURE (F)
 TODAY
  MAXIMUM         74    137 PM  86    2011  68      6       59
  MINIMUM         50    159 AM  29    1977  40     10       45
  AVERAGE         62                        54      8       52

PRECIPITATION (IN)
  TODAY            0.00          1.09 1998   0.04  -0.04     0.34
  MONTH TO DATE    0.00                      0.04  -0.04     0.34
  SINCE OCT 1      7.44                     13.69  -6.25     7.11
  SINCE JAN 1      2.84                      9.55  -6.71     4.44

SNOWFALL (IN)
  TODAY            0.0
  MONTH TO DATE    0.0
  SINCE MAR 1      0.0
  SINCE JUL 1      0.0
  SNOW DEPTH       0

DEGREE DAYS
 HEATING
  TODAY            3                        11     -8       13
  MONTH TO DATE    3                        11     -8       13
  SINCE MAR 1    196                       386   -190      259
  SINCE JUL 1   1380                      2127   -747     1680

 COOLING
  TODAY            0                         0      0        0
  MONTH TO DATE    0                         0      0        0
  SINCE MAR 1      7                         0      7        0
  SINCE JAN 1      9                         1      8        0
..................................................................


WIND (MPH)
  RESULTANT WIND SPEED   1   RESULTANT WIND DIRECTION   W (290)
  HIGHEST WIND SPEED    15   HIGHEST WIND DIRECTION     W (290)
  HIGHEST GUST SPEED    18   HIGHEST GUST DIRECTION     W (280)
  AVERAGE WIND SPEED     5.2


SKY COVER
  POSSIBLE SUNSHINE  MM
  AVERAGE SKY COVER 0.5


WEATHER CONDITIONS
 THE FOLLOWING WEATHER WAS RECORDED TODAY.
  FOG


RELATIVE HUMIDITY (PERCENT)
 HIGHEST    93           100 AM
 LOWEST     35           100 PM
 AVERAGE    64

..........................................................


THE RAMONA AIRPORT CA CLIMATE NORMALS FOR TOMORROW
                         NORMAL    RECORD    YEAR
 MAXIMUM TEMPERATURE (F)   68        91      1985
 MINIMUM TEMPERATURE (F)   40        30      2012
                                             1977


SUNRISE AND SUNSET
APRIL  1 2015.........SUNRISE   636 AM PDT   SUNSET   708 PM PDT
APRIL  2 2015.........SUNRISE   634 AM PDT   SUNSET   709 PM PDT


-  INDICATES NEGATIVE NUMBERS.
R  INDICATES RECORD WAS SET OR TIED.
MM INDICATES DATA IS MISSING.
T  INDICATES TRACE AMOUNT.




$$
