000
CDUS45 KCYS 070328
CLIRWL


CLIMATE REPORT
NATIONAL WEATHER SERVICE CHEYENNE WY
927 PM MDT WED MAY 6 2015


...................................

...THE RAWLINS WY AIRPORT CLIMATE SUMMARY FOR MAY 6 2015...
VALID TODAY AS OF 0900 PM LOCAL TIME.

CLIMATE NORMAL PERIOD 1981 TO 2010
CLIMATE RECORD PERIOD 1951 TO 2015


WEATHER ITEM   OBSERVED TIME   RECORD YEAR NORMAL DEPARTURE LAST
                VALUE   (LST)  VALUE       VALUE  FROM      YEAR
                                                  NORMAL
..................................................................
TEMPERATURE (F)
 TODAY
  MAXIMUM         52   1103 AM  80    1966  60     -8       71
  MINIMUM         40    759 PM  21    2012  32      8       32
                                      2010
                                      1999
  AVERAGE         46                        46      0       52

PRECIPITATION (IN)
  TODAY            0.28          0.77 1998   0.05   0.23     0.00
  MONTH TO DATE    0.35                      0.26   0.09     0.00
  SINCE JAN 1      2.25                      2.77  -0.52     1.64

DEGREE DAYS
 HEATING
  TODAY           19                        19      0       13
  MONTH TO DATE   73                       117    -44       80
  SINCE MAR 1   1590                      1879   -289     1731
  SINCE JUL 1   6821                      7836  -1015     7495

 COOLING
  TODAY            0                         0      0        0
  MONTH TO DATE    0                         0      0        0
  SINCE MAR 1      0                         0      0        0
  SINCE JAN 1      0                         0      0        0
..................................................................


WIND (MPH)
  HIGHEST WIND SPEED    21   HIGHEST WIND DIRECTION     N (340)
  HIGHEST GUST SPEED    25   HIGHEST GUST DIRECTION     N (340)
  AVERAGE WIND SPEED     6.9


SKY COVER
  AVERAGE SKY COVER 0.9


WEATHER CONDITIONS
 THE FOLLOWING WEATHER WAS RECORDED TODAY.
  RAIN
  LIGHT RAIN
  FOG


RELATIVE HUMIDITY (PERCENT)
 HIGHEST    93           300 PM
 LOWEST     71          1100 AM
 AVERAGE    82

..........................................................


THE RAWLINS WY AIRPORT CLIMATE NORMALS FOR TOMORROW
                         NORMAL    RECORD    YEAR
 MAXIMUM TEMPERATURE (F)   61        78      1992
                                             1963
 MINIMUM TEMPERATURE (F)   33        20      2010
                                             1984


SUNRISE AND SUNSET
MAY  6 2015...........SUNRISE   559 AM MDT   SUNSET   812 PM MDT
MAY  7 2015...........SUNRISE   558 AM MDT   SUNSET   813 PM MDT


-  INDICATES NEGATIVE NUMBERS.
R  INDICATES RECORD WAS SET OR TIED.
MM INDICATES DATA IS MISSING.
T  INDICATES TRACE AMOUNT.




$$
