000
CDUS45 KPIH 252322
CLIRXE


CLIMATE REPORT
NATIONAL WEATHER SERVICE POCATELLO ID
520 PM MDT SAT APR 25 2015


...................................

...THE REXBURG ID CLIMATE SUMMARY FOR APRIL 25 2015...
VALID TODAY AS OF 0500 PM LOCAL TIME.

CLIMATE NORMAL PERIOD 1981 TO 2010
CLIMATE RECORD PERIOD 1998 TO 2015


WEATHER ITEM   OBSERVED TIME   RECORD YEAR NORMAL DEPARTURE LAST
                VALUE   (LST)  VALUE       VALUE  FROM      YEAR
                                                  NORMAL
..................................................................
TEMPERATURE (F)
 TODAY
  MAXIMUM         52    357 PM  77    2012  59     -7       54
  MINIMUM         37    557 AM  25    2013  33      4       39
                                      2009
  AVERAGE         45                        46     -1       47

PRECIPITATION (IN)
  TODAY            0.06         MM      MM   0.06   0.00     0.29
  MONTH TO DATE    0.35                      1.21  -0.86     0.88
  SINCE OCT 1      4.38                      7.05  -2.67     5.78
  SINCE JAN 1      1.61                      3.84  -2.23     3.92

SNOWFALL (IN)
  TODAY           MM
  MONTH TO DATE   MM
  SINCE MAR 1     MM
  SINCE JUL 1     MM
  SNOW DEPTH      MM

DEGREE DAYS
 HEATING
  TODAY           20                        19      1       18
  MONTH TO DATE  526                       547    -21      508
  SINCE MAR 1   1262                      1503   -241     1369
  SINCE JUL 1   6346                      7476  -1130     7184

 COOLING
  TODAY            0                         0      0        0
  MONTH TO DATE    0                         0      0        0
  SINCE MAR 1      0                         0      0        0
  SINCE JAN 1      0                         0      0        0
..................................................................


WIND (MPH)
  HIGHEST WIND SPEED    16   HIGHEST WIND DIRECTION     W (250)
  HIGHEST GUST SPEED    21   HIGHEST GUST DIRECTION     W (260)
  AVERAGE WIND SPEED     7.7


SKY COVER
  POSSIBLE SUNSHINE  MM
  AVERAGE SKY COVER 0.9


WEATHER CONDITIONS
 THE FOLLOWING WEATHER WAS RECORDED TODAY.
  LIGHT RAIN
  FOG


RELATIVE HUMIDITY (PERCENT)
 HIGHEST    92          1200 AM
 LOWEST     35           300 PM
 AVERAGE    64

..........................................................


THE REXBURG ID CLIMATE NORMALS FOR TOMORROW
                         NORMAL    RECORD    YEAR
 MAXIMUM TEMPERATURE (F)   60        71      2004
 MINIMUM TEMPERATURE (F)   33        23      2008


SUNRISE AND SUNSET
APRIL 25 2015.........SUNRISE   628 AM MDT   SUNSET   823 PM MDT
APRIL 26 2015.........SUNRISE   627 AM MDT   SUNSET   824 PM MDT


-  INDICATES NEGATIVE NUMBERS.
R  INDICATES RECORD WAS SET OR TIED.
MM INDICATES DATA IS MISSING.
T  INDICATES TRACE AMOUNT.




$$
