000
CDUS46 KSTO 180037
CLISAC

CLIMATE REPORT
NATIONAL WEATHER SERVICE SACRAMENTO, CA
537 PM PDT FRI APR 17 2015


...................................

...THE SACRAMENTO EXEC. AIRPORT CA CLIMATE SUMMARY FOR APRIL 17 2015...
VALID TODAY AS OF 0500 PM LOCAL TIME.

CLIMATE NORMAL PERIOD 1981 TO 2010
CLIMATE RECORD PERIOD 1930 TO 2015


WEATHER ITEM   OBSERVED TIME   RECORD YEAR NORMAL DEPARTURE LAST
                VALUE   (LST)  VALUE       VALUE  FROM      YEAR
                                                  NORMAL
..................................................................
TEMPERATURE (F)
 TODAY
  MAXIMUM         84    352 PM  90    1954  71     13       82
  MINIMUM         48    606 AM  34    1975  46      2       51
  AVERAGE         66

PRECIPITATION (IN)
  TODAY            0.00          0.88 2000   0.04  -0.04     0.00
  MONTH TO DATE    1.04                      0.74   0.30     1.38
  SINCE OCT 1     14.46                     16.88  -2.42     8.75
  SINCE JAN 1      4.08                     10.60  -6.52     7.44

SNOWFALL (IN)
  TODAY            0.0          MM      MM   0.0             0.0
  MONTH TO DATE    0.0                       0.0             0.0
  SINCE MAR 1      0.0                       0.0             0.0
  SINCE JUL 1      0.0                       0.0             0.0

DEGREE DAYS
 HEATING
  TODAY            0

 COOLING
  TODAY            1
..................................................................


WIND (MPH)
  RESULTANT WIND SPEED   2   RESULTANT WIND DIRECTION  SE (150)
  HIGHEST WIND SPEED     9   HIGHEST WIND DIRECTION    SW (240)
  HIGHEST GUST SPEED    29   HIGHEST GUST DIRECTION     W (270)


SKY COVER
  POSSIBLE SUNSHINE  MM
  AVERAGE SKY COVER 0.0


WEATHER CONDITIONS
 THE FOLLOWING WEATHER WAS RECORDED TODAY.
  NO SIGNIFICANT WEATHER WAS OBSERVED.


RELATIVE HUMIDITY (PERCENT)
 HIGHEST    66
 LOWEST     18
 AVERAGE    42

..........................................................


THE SACRAMENTO EXEC. AIRPORT CA CLIMATE NORMALS FOR TOMORROW
                         NORMAL    RECORD    YEAR
 MAXIMUM TEMPERATURE (F)   72        89      1954
 MINIMUM TEMPERATURE (F)   46        36      2007


SUNRISE AND SUNSET
APRIL 17 2015.........SUNRISE   627 AM PDT   SUNSET   744 PM PDT
APRIL 18 2015.........SUNRISE   626 AM PDT   SUNSET   745 PM PDT


-  INDICATES NEGATIVE NUMBERS.
R  INDICATES RECORD WAS SET OR TIED.
MM INDICATES DATA IS MISSING.
T  INDICATES TRACE AMOUNT.






&&
....................................................................

SACRAMENTO CITY CLIMATE DATA FOR FRIDAY APRIL 17 2015

HIGH...   85  RECORD HIGH    90 IN 1954    NORMAL    HIGH   73
LOW....   51  RECORD LOW     36 IN 1933    NORMAL    LOW    49

RAIN SINCE MIDNIGHT....  0.00   RECORD THIS DATE....... 1.48 IN 2000
TOTAL THIS MONTH.......  0.86   NORMAL SINCE OCT 1ST.........  18.46
TOTAL SINCE OCT 1ST... 12.59   PERCENT OF NORMAL.............  68%


$$
