000
CDUS43 KIWX 062024
CLISBN


CLIMATE REPORT
NATIONAL WEATHER SERVICE NORTHERN INDIANA
423 PM EDT WED MAY 6 2015


...................................

...THE SOUTH BEND CLIMATE SUMMARY FOR MAY 6 2015...
VALID TODAY AS OF 0400 PM LOCAL TIME.

CLIMATE NORMAL PERIOD 1981 TO 2010
CLIMATE RECORD PERIOD 1893 TO 2015


WEATHER ITEM   OBSERVED TIME   RECORD YEAR NORMAL DEPARTURE LAST
                VALUE   (LST)  VALUE       VALUE  FROM      YEAR
                                                  NORMAL
..................................................................
TEMPERATURE (F)
 TODAY
  MAXIMUM         81    259 PM  88    1959  67     14       69
                                      1949
                                      1934
  MINIMUM         55    728 AM  24    1968  45     10       39
  AVERAGE         68                        56     12       54

PRECIPITATION (IN)
  TODAY            0.00          2.94 1976   0.12  -0.12     0.00
  MONTH TO DATE    1.04                      0.70   0.34     0.19
  SINCE MAR 1      4.22                      6.35  -2.13     4.23
  SINCE JAN 1      8.12                     10.59  -2.47    10.17

DEGREE DAYS
 HEATING
  TODAY            0                        10    -10       11
  MONTH TO DATE   20                        62    -42       86
  SINCE MAR 1   1395                      1404     -9     1631
  SINCE JUL 1   6492                      6093    399     6814

 COOLING
  TODAY            3                         1      2        0
  MONTH TO DATE    7                         4      3        0
  SINCE MAR 1      9                        14     -5        2
  SINCE JAN 1      9                        14     -5        2
..................................................................


WIND (MPH)
  HIGHEST WIND SPEED    13   HIGHEST WIND DIRECTION    SW (220)
  HIGHEST GUST SPEED    17   HIGHEST GUST DIRECTION     S (190)
  AVERAGE WIND SPEED     7.2


SKY COVER
  POSSIBLE SUNSHINE  MM
  AVERAGE SKY COVER 0.7


WEATHER CONDITIONS
 THE FOLLOWING WEATHER WAS RECORDED TODAY.
  FOG
  HAZE


RELATIVE HUMIDITY (PERCENT)
 HIGHEST    93          1200 AM
 LOWEST     49           300 PM
 AVERAGE    71

..........................................................


THE SOUTH BEND CLIMATE NORMALS FOR TOMORROW
                         NORMAL    RECORD    YEAR
 MAXIMUM TEMPERATURE (F)   67        87      1926
 MINIMUM TEMPERATURE (F)   46        28      1989


SUNRISE AND SUNSET
MAY  6 2015...........SUNRISE   636 AM EDT   SUNSET   849 PM EDT
MAY  7 2015...........SUNRISE   635 AM EDT   SUNSET   850 PM EDT


-  INDICATES NEGATIVE NUMBERS.
R  INDICATES RECORD WAS SET OR TIED.
MM INDICATES DATA IS MISSING.
T  INDICATES TRACE AMOUNT.




$$
