000
CDUS44 KSJT 180654
CLISJT


CLIMATE REPORT
NATIONAL WEATHER SERVICE SAN ANGELO TX
153 AM CDT SAT APR 18 2015


...................................

...THE SAN ANGELO CLIMATE SUMMARY FOR APRIL 17 2015...

CLIMATE NORMAL PERIOD 1981 TO 2010
CLIMATE RECORD PERIOD 1907 TO 2015


WEATHER ITEM   OBSERVED TIME   RECORD YEAR NORMAL DEPARTURE LAST
                VALUE   (LST)  VALUE       VALUE  FROM      YEAR
                                                  NORMAL
..................................................................
TEMPERATURE (F)
 YESTERDAY
  MAXIMUM         77    348 PM  99    2006  81     -4       70
  MINIMUM         57   1159 PM  30    1947  52      5       51
  AVERAGE         67                        66      1       61

PRECIPITATION (IN)
  YESTERDAY        1.13R         1.10 1988   0.05   1.08     0.00
  MONTH TO DATE    1.73                      0.73   1.00     0.26
  SINCE MAR 1      3.39                      2.23   1.16     0.31
  SINCE JAN 1      5.65                      4.51   1.14     0.37

SNOWFALL (IN)
  YESTERDAY        0.0           0.0  2002   0.0    0.0      0.0
  MONTH TO DATE    0.0                       0.0    0.0      0.0
  SINCE NOV 1      1.4                       2.2   -0.8      1.6
  SINCE JUL 1      1.4                       2.2   -0.8      1.6
  SNOW DEPTH       0

DEGREE DAYS
 HEATING
  YESTERDAY        0                         3     -3        4
  MONTH TO DATE   17                        66    -49       65
  SINCE MAR 1    303                       323    -20      347
  SINCE JUL 1   2150                      2284   -134     2467

 COOLING
  YESTERDAY        2                         4     -2        0
  MONTH TO DATE   97                        51     46       95
  SINCE MAR 1    148                        84     64      150
  SINCE JAN 1    150                        89     61      153
..................................................................


WIND (MPH)
  HIGHEST WIND SPEED    35   HIGHEST WIND DIRECTION    SE (130)
  HIGHEST GUST SPEED    43   HIGHEST GUST DIRECTION    SE (120)
  AVERAGE WIND SPEED     7.6


SKY COVER
  POSSIBLE SUNSHINE  MM
  AVERAGE SKY COVER 0.5


WEATHER CONDITIONS
 THE FOLLOWING WEATHER WAS RECORDED YESTERDAY.
  THUNDERSTORM
  HEAVY RAIN
  LIGHT RAIN
  FOG


RELATIVE HUMIDITY (PERCENT)
 HIGHEST    93           300 AM
 LOWEST     46           300 PM
 AVERAGE    70

..........................................................


THE SAN ANGELO CLIMATE NORMALS FOR TODAY
                         NORMAL    RECORD    YEAR
 MAXIMUM TEMPERATURE (F)   81       105      1925
 MINIMUM TEMPERATURE (F)   52        28      1947


SUNRISE AND SUNSET
APRIL 18 2015.........SUNRISE   711 AM CDT   SUNSET   812 PM CDT
APRIL 19 2015.........SUNRISE   710 AM CDT   SUNSET   813 PM CDT


-  INDICATES NEGATIVE NUMBERS.
R  INDICATES RECORD WAS SET OR TIED.
MM INDICATES DATA IS MISSING.
T  INDICATES TRACE AMOUNT.




$$
