000
CDUS41 KBTV 270537
CLISLK


CLIMATE REPORT
NATIONAL WEATHER SERVICE BURLINGTON VT
135 AM EDT MON APR 27 2015


...................................

...THE SARANAC LAKE NY CLIMATE SUMMARY FOR APRIL 26 2015...

CLIMATE NORMAL PERIOD 1981 TO 2010
CLIMATE RECORD PERIOD 9999 TO 9999


WEATHER ITEM   OBSERVED TIME   NORMAL DEPARTURE LAST
                VALUE   (LST)  VALUE  FROM      YEAR
                                      NORMAL
......................................................
TEMPERATURE (F)
 YESTERDAY
  MAXIMUM         45    340 PM  56    -11       41
  MINIMUM         29    324 AM  30     -1       35
  AVERAGE         37            43     -6       38

PRECIPITATION (IN)
  YESTERDAY        T             0.10  -0.10     0.25
  MONTH TO DATE    2.44          2.46  -0.02     2.64
  SINCE MAR 1      3.31          4.74  -1.43     4.27
  SINCE JAN 1      4.18          8.48  -4.30     6.89

DEGREE DAYS
 HEATING
  YESTERDAY       28            22      6       27
  MONTH TO DATE  727           724      3      719
  SINCE MAR 1   2135          1981    154     2271
  SINCE JUL 1   8918          8686    232     9255

 COOLING
  YESTERDAY        0             0      0        0
  MONTH TO DATE    0             0      0        0
  SINCE MAR 1      0             0      0        0
  SINCE JAN 1      0             0      0        0
......................................................


WIND (MPH)
  HIGHEST WIND SPEED    12   HIGHEST WIND DIRECTION     W (270)
  HIGHEST GUST SPEED    16   HIGHEST GUST DIRECTION     W (270)
  AVERAGE WIND SPEED     3.4


SKY COVER
  AVERAGE SKY COVER 1.0


WEATHER CONDITIONS
 THE FOLLOWING WEATHER WAS RECORDED YESTERDAY.
  LIGHT RAIN
  FOG


RELATIVE HUMIDITY (PERCENT)
 HIGHEST    92           400 AM
 LOWEST     53          1200 PM
 AVERAGE    73

..........................................................


THE SARANAC LAKE NY CLIMATE NORMALS FOR TODAY
                         NORMAL    RECORD    YEAR
 MAXIMUM TEMPERATURE (F)   56        87      2009
 MINIMUM TEMPERATURE (F)   30        18      2002


SUNRISE AND SUNSET
APRIL 27 2015.........SUNRISE   554 AM EDT   SUNSET   756 PM EDT
APRIL 28 2015.........SUNRISE   552 AM EDT   SUNSET   757 PM EDT


-  INDICATES NEGATIVE NUMBERS.
R  INDICATES RECORD WAS SET OR TIED.
MM INDICATES DATA IS MISSING.
T  INDICATES TRACE AMOUNT.




$$
