000
CDUS46 KLOX 032211
CLISMX


CLIMATE REPORT
NATIONAL WEATHER SERVICE LOS ANGELES/OXNARD CA
311 PM PDT SUN MAY 3 2015


...................................

...THE SANTA MARIA AIRPORT CA CLIMATE SUMMARY FOR MAY 3 2015...
VALID AS OF 0300 PM LOCAL TIME.

CLIMATE NORMAL PERIOD 1981 TO 2010
CLIMATE RECORD PERIOD 1906 TO 2015


WEATHER ITEM   OBSERVED TIME   RECORD YEAR NORMAL DEPARTURE LAST
                VALUE   (LST)  VALUE       VALUE  FROM      YEAR
                                                  NORMAL
..................................................................
TEMPERATURE (F)
 TODAY
  MAXIMUM         68    145 PM  94    2013  68      0       73
  MINIMUM         50   1258 AM  34    1920  46      4       48
  AVERAGE         59                        57      2       61

PRECIPITATION (IN)
  TODAY            0.00          0.44 2003   0.02  -0.02     0.00
  MONTH TO DATE    0.00                      0.06  -0.06     0.00
  SINCE OCT 1      7.37                     13.47  -6.10     4.49
  SINCE JAN 1      1.81                      9.42  -7.61     4.00

SNOWFALL (IN)
  TODAY            0.0
  MONTH TO DATE    0.0
  SINCE MAR 1      0.0
  SINCE JUL 1      0.0

DEGREE DAYS
 HEATING
  TODAY            6                         8     -2
  MONTH TO DATE   15                        24     -9
  SINCE MAR 1    321                       650   -329
  SINCE JUL 1   1008                      2483  -1475

 COOLING
  TODAY            0                         0      0
  MONTH TO DATE    0                         0      0
  SINCE MAR 1     28                         5     23
  SINCE JAN 1     28                         6     22
..................................................................


WIND (MPH)
  HIGHEST WIND SPEED    15   HIGHEST WIND DIRECTION     W (250)
  HIGHEST GUST SPEED    20   HIGHEST GUST DIRECTION     W (260)
  AVERAGE WIND SPEED     4.1


SKY COVER
  POSSIBLE SUNSHINE  MM
  AVERAGE SKY COVER 0.7


WEATHER CONDITIONS
 THE FOLLOWING WEATHER WAS RECORDED TODAY.
  FOG
  HAZE


RELATIVE HUMIDITY (PERCENT)
 HIGHEST    86           100 AM
 LOWEST     45          1200 PM
 AVERAGE    66

..........................................................


THE SANTA MARIA AIRPORT CA CLIMATE NORMALS FOR TOMORROW
                         NORMAL    RECORD    YEAR
 MAXIMUM TEMPERATURE (F)   68        92      1944
 MINIMUM TEMPERATURE (F)   46        27      1912


SUNRISE AND SUNSET
MAY  3 2015...........SUNRISE   609 AM PDT   SUNSET   749 PM PDT
MAY  4 2015...........SUNRISE   608 AM PDT   SUNSET   749 PM PDT


-  INDICATES NEGATIVE NUMBERS.
R  INDICATES RECORD WAS SET OR TIED.
MM INDICATES DATA IS MISSING.
T  INDICATES TRACE AMOUNT.




$$
