000
CDUS46 KSGX 271416
CLISNA


CLIMATE REPORT
NATIONAL WEATHER SERVICE SAN DIEGO, CA
716 AM PDT MON APR 27 2015


...................................

...THE JOHN WAYNE AIRPORT CA CLIMATE SUMMARY FOR APRIL 26 2015...

CLIMATE NORMAL PERIOD 1981 TO 2010
CLIMATE RECORD PERIOD 1999 TO 2015


WEATHER ITEM   OBSERVED TIME   RECORD YEAR NORMAL DEPARTURE LAST
                VALUE   (LST)  VALUE       VALUE  FROM      YEAR
                                                  NORMAL
..................................................................
TEMPERATURE (F)
 YESTERDAY
  MAXIMUM         71    217 PM  90    2004  70      1       67
  MINIMUM         54    545 AM  51    2009  55     -1       56
  AVERAGE         63                        63      0       62

PRECIPITATION (IN)
  YESTERDAY        0.00          0.07 2012   0.03  -0.03     0.01
  MONTH TO DATE    0.04                      0.78  -0.74     0.32
  SINCE OCT 1      5.78                     12.62  -6.84     3.52
  SINCE JAN 1      1.98                      8.54  -6.56     2.59

SNOWFALL (IN)
  YESTERDAY        0.0
  MONTH TO DATE    0.0
  SINCE MAR 1      0.0
  SINCE JUL 1      0.0
  SNOW DEPTH       0

DEGREE DAYS
 HEATING
  YESTERDAY        2                         3     -1        3
  MONTH TO DATE   50                       109    -59       42
  SINCE MAR 1     75                       290   -215      111
  SINCE JUL 1    300                      1196   -896      601

 COOLING
  YESTERDAY        0                         1     -1        0
  MONTH TO DATE   15                         8      7       40
  SINCE MAR 1    120                        15    105       60
  SINCE JAN 1    192                        23    169       87
..................................................................


WIND (MPH)
  RESULTANT WIND SPEED   3   RESULTANT WIND DIRECTION  SW (210)
  HIGHEST WIND SPEED    14   HIGHEST WIND DIRECTION     W (250)
  HIGHEST GUST SPEED    18   HIGHEST GUST DIRECTION    SW (230)
  AVERAGE WIND SPEED     5.4


SKY COVER
  POSSIBLE SUNSHINE  MM
  AVERAGE SKY COVER 0.4


WEATHER CONDITIONS
 THE FOLLOWING WEATHER WAS RECORDED YESTERDAY.
  NO SIGNIFICANT WEATHER WAS OBSERVED.


RELATIVE HUMIDITY (PERCENT)
 HIGHEST    83           200 AM
 LOWEST     40           300 PM
 AVERAGE    62

..........................................................


THE JOHN WAYNE AIRPORT CA CLIMATE NORMALS FOR TODAY
                         NORMAL    RECORD    YEAR
 MAXIMUM TEMPERATURE (F)   70        99      2008
 MINIMUM TEMPERATURE (F)   55        53      2003


SUNRISE AND SUNSET
APRIL 27 2015.........SUNRISE   607 AM PDT   SUNSET   732 PM PDT
APRIL 28 2015.........SUNRISE   606 AM PDT   SUNSET   732 PM PDT


-  INDICATES NEGATIVE NUMBERS.
R  INDICATES RECORD WAS SET OR TIED.
MM INDICATES DATA IS MISSING.
T  INDICATES TRACE AMOUNT.




$$
