000
CDUS43 KEAX 260641
CLISTJ


CLIMATE REPORT
NATIONAL WEATHER SERVICE KANSAS CITY/PLEASANT HILL MO
140 AM CDT SUN APR 26 2015


...................................

...THE ST. JOSEPH MO CLIMATE SUMMARY FOR APRIL 25 2015...

CLIMATE NORMAL PERIOD 1981 TO 2010
CLIMATE RECORD PERIOD 1892 TO 2015


WEATHER ITEM   OBSERVED TIME   RECORD YEAR NORMAL DEPARTURE LAST
                VALUE   (LST)  VALUE       VALUE  FROM      YEAR
                                                  NORMAL
..................................................................
TEMPERATURE (F)
 YESTERDAY
  MAXIMUM         60   1018 AM  96    2012  68     -8       78
  MINIMUM         49   1159 PM  31    2013  46      3       35
  AVERAGE         55                        57     -2       57

PRECIPITATION (IN)
  YESTERDAY        0.59          1.56 1904   0.15   0.44     0.00
  MONTH TO DATE    2.85                      2.92  -0.07     3.38
  SINCE MAR 1      4.18                      5.17  -0.99     3.79
  SINCE JAN 1      5.93                      6.66  -0.73     4.61

DEGREE DAYS
 HEATING
  YESTERDAY       10                         9      1        8
  MONTH TO DATE  231                       306    -75      338
  SINCE MAR 1    838                       991   -153     1164
  SINCE JUL 1   5362                      5299     63     6104

 COOLING
  YESTERDAY        0                         1     -1        0
  MONTH TO DATE    4                        18    -14        6
  SINCE MAR 1      5                        20    -15        6
  SINCE JAN 1      5                        20    -15        6
..................................................................


WIND (MPH)
  HIGHEST WIND SPEED    22   HIGHEST WIND DIRECTION    SE (140)
  HIGHEST GUST SPEED    26   HIGHEST GUST DIRECTION    SE (140)
  AVERAGE WIND SPEED    11.3


SKY COVER
  POSSIBLE SUNSHINE  MM
  AVERAGE SKY COVER 1.0


WEATHER CONDITIONS
 THE FOLLOWING WEATHER WAS RECORDED YESTERDAY.
  THUNDERSTORM
  HEAVY RAIN
  RAIN
  LIGHT RAIN
  FOG


RELATIVE HUMIDITY (PERCENT)
 HIGHEST    93           800 AM
 LOWEST     83           200 PM
 AVERAGE    88

..........................................................


THE ST. JOSEPH MO CLIMATE NORMALS FOR TODAY
                         NORMAL    RECORD    YEAR
 MAXIMUM TEMPERATURE (F)   69        94      1989
 MINIMUM TEMPERATURE (F)   46        31      1950


SUNRISE AND SUNSET
APRIL 26 2015.........SUNRISE   627 AM CDT   SUNSET   809 PM CDT
APRIL 27 2015.........SUNRISE   626 AM CDT   SUNSET   810 PM CDT


-  INDICATES NEGATIVE NUMBERS.
R  INDICATES RECORD WAS SET OR TIED.
MM INDICATES DATA IS MISSING.
T  INDICATES TRACE AMOUNT.




$$
