000
CDUS43 KLSX 052230
CLISTL


CLIMATE REPORT
NATIONAL WEATHER SERVICE ST LOUIS MO
530 PM CDT TUE MAY 5 2015


...................................

...THE ST. LOUIS CLIMATE SUMMARY FOR MAY 5 2015...
VALID TODAY AS OF 0500 PM LOCAL TIME.

CLIMATE NORMAL PERIOD 1981 TO 2010
CLIMATE RECORD PERIOD 1874 TO 2015


WEATHER ITEM   OBSERVED TIME   RECORD YEAR NORMAL DEPARTURE LAST
                VALUE   (LST)  VALUE       VALUE  FROM      YEAR
                                                  NORMAL
..................................................................
TEMPERATURE (F)
 TODAY
  MAXIMUM         85   1241 PM  93    1952  73     12       88
                                      1943
  MINIMUM         67    538 AM  38    1979  54     13       57
                                      1944
                                      1917
  AVERAGE         76                        64     12       73

PRECIPITATION (IN)
  TODAY            T             1.24 1961   0.14  -0.14     0.00
  MONTH TO DATE    0.01                      0.71  -0.70      T
  SINCE MAR 1      8.43                      7.72   0.71     9.93
  SINCE JAN 1     11.38                     12.36  -0.98    13.08

SNOWFALL (IN)
  TODAY            0.0           0.0  2014   0.0    0.0      0.0
  MONTH TO DATE    0.0                       0.0    0.0      0.0
  SINCE MAR 1      0.6                       2.7   -2.1      1.6
  SINCE JUL 1     16.8                      17.7   -0.9     28.8
  SNOW DEPTH       0

DEGREE DAYS
 HEATING
  TODAY            0                         4     -4        0
  MONTH TO DATE    7                        21    -14       24
  SINCE MAR 1    737                       879   -142      935
  SINCE JUL 1   4539                      4477     62     4972

 COOLING
  TODAY           11                         2      9        8
  MONTH TO DATE   36                        10     26       11
  SINCE MAR 1     61                        56      5       48
  SINCE JAN 1     61                        56      5       48
..................................................................


WIND (MPH)
  HIGHEST WIND SPEED    17   HIGHEST WIND DIRECTION    SW (210)
  HIGHEST GUST SPEED    23   HIGHEST GUST DIRECTION     S (190)
  AVERAGE WIND SPEED     8.7


SKY COVER
  AVERAGE SKY COVER 0.7



RELATIVE HUMIDITY (PERCENT)
 HIGHEST    63           600 AM
 LOWEST     37          1100 AM
 AVERAGE    50

..........................................................


THE ST. LOUIS CLIMATE NORMALS FOR TOMORROW
                         NORMAL    RECORD    YEAR
 MAXIMUM TEMPERATURE (F)   74        92      2012
 MINIMUM TEMPERATURE (F)   54        34      1944


SUNRISE AND SUNSET
MAY  5 2015...........SUNRISE   600 AM CDT   SUNSET   757 PM CDT
MAY  6 2015...........SUNRISE   559 AM CDT   SUNSET   758 PM CDT


-  INDICATES NEGATIVE NUMBERS.
R  INDICATES RECORD WAS SET OR TIED.
MM INDICATES DATA IS MISSING.
T  INDICATES TRACE AMOUNT.




$$
