000
CDUS42 KTBW 040827
CLITPA


CLIMATE REPORT
NATIONAL WEATHER SERVICE TAMPA BAY FL
425 AM EDT MON MAY 4 2015


...................................

...THE TAMPA CLIMATE SUMMARY FOR MAY 3 2015...

CLIMATE NORMAL PERIOD 1981 TO 2010
CLIMATE RECORD PERIOD 1890 TO 2015


WEATHER ITEM   OBSERVED TIME   RECORD YEAR NORMAL DEPARTURE LAST
                VALUE   (LST)  VALUE       VALUE  FROM      YEAR
                                                  NORMAL
..................................................................
TEMPERATURE (F)
 YESTERDAY
  MAXIMUM         86    402 PM  94    1953  85      1       75
  MINIMUM         65    544 AM  54    1925  67     -2       61
  AVERAGE         76                        76      0       68

PRECIPITATION (IN)
  YESTERDAY        0.00          3.44 1923   0.05  -0.05     0.38
  MONTH TO DATE    0.00                      0.15  -0.15     3.49
  SINCE MAR 1      5.85                      5.21   0.64     9.33
  SINCE JAN 1     14.15                     10.25   3.90    14.28

DEGREE DAYS
 HEATING
  YESTERDAY        0                         0      0        0
  MONTH TO DATE    0                         0      0        0
  SINCE MAR 1     12                        67    -55       48
  SINCE JUL 1    467                       538    -71      444

 COOLING
  YESTERDAY       11                        11      0        3
  MONTH TO DATE   28                        32     -4       27
  SINCE MAR 1    693                       379    314      340
  SINCE JAN 1    760                       492    268      444
..................................................................


WIND (MPH)
  RESULTANT WIND SPEED   6   RESULTANT WIND DIRECTION   E (90)
  HIGHEST WIND SPEED    14   HIGHEST WIND DIRECTION     E (100)
  HIGHEST GUST SPEED    20   HIGHEST GUST DIRECTION     E (80)
  AVERAGE WIND SPEED     6.6


SKY COVER
  POSSIBLE SUNSHINE  MM
  AVERAGE SKY COVER 0.2


WEATHER CONDITIONS
 THE FOLLOWING WEATHER WAS RECORDED YESTERDAY.
  NO SIGNIFICANT WEATHER WAS OBSERVED.


RELATIVE HUMIDITY (PERCENT)
 HIGHEST    73           300 AM
 LOWEST     22           400 PM
 AVERAGE    48

..........................................................


THE TAMPA CLIMATE NORMALS FOR TODAY
                         NORMAL    RECORD    YEAR
 MAXIMUM TEMPERATURE (F)   85        94      1935
 MINIMUM TEMPERATURE (F)   67        52      1921


SUNRISE AND SUNSET
MAY  4 2015...........SUNRISE   648 AM EDT   SUNSET   806 PM EDT
MAY  5 2015...........SUNRISE   647 AM EDT   SUNSET   807 PM EDT


-  INDICATES NEGATIVE NUMBERS.
R  INDICATES RECORD WAS SET OR TIED.
MM INDICATES DATA IS MISSING.
T  INDICATES TRACE AMOUNT.




$$


&&
------------------------------------------------------------------
******************** SUPPLEMENTAL DATA ***************************

...RUSKIN                HIGH 85    LOW 63    PCPN 0.00
...SARASOTA/BRADENTON    HIGH 86    LOW 61    PCPN 0.00
...ST. PETERSBURG        HIGH 82    LOW 70    PCPN 0.00
...GULF WATER TEMPERATURE AT CLEARWATER BEACH 76
