000
CDUS45 KTWC 200029
CLITUS

CLIMATE REPORT
NATIONAL WEATHER SERVICE TUCSON AZ
528 PM MST SUN APR 19 2015


...................................

...THE TUCSON AZ CLIMATE SUMMARY FOR APRIL 19 2015...
VALID TODAY AS OF 0500 PM LOCAL TIME.

CLIMATE NORMAL PERIOD 1981 TO 2010
CLIMATE RECORD PERIOD 1895 TO 2015


WEATHER ITEM   OBSERVED TIME   RECORD YEAR NORMAL DEPARTURE LAST
                VALUE   (LST)  VALUE       VALUE  FROM      YEAR
                                                  NORMAL
..................................................................
TEMPERATURE (F)
 TODAY
  MAXIMUM         88    350 PM 101    1989  83      5       82
  MINIMUM         54    606 AM  33    1933  53      1       60
                                      1896
  AVERAGE         71                        68      3       71

PRECIPITATION (IN)
  TODAY            0.00          0.44 1987   0.01  -0.01      T
  MONTH TO DATE    T                         0.24  -0.24      T
  SINCE OCT 1      6.95                      5.16   1.79     3.64
  SINCE JAN 1      3.45                      2.77   0.68     0.59

DEGREE DAYS
 HEATING
  TODAY            0                         2     -2        0
  MONTH TO DATE   11                        49    -38       21
  SINCE MAR 1     58                       228   -170       63
  SINCE JUL 1    900                      1495   -595      896

 COOLING
  TODAY            6                         4      2        6
  MONTH TO DATE   79                        57     22       94
  SINCE MAR 1    172                        86     86      124
  SINCE JAN 1    180                        90     90      148
..................................................................


WIND (MPH)
  HIGHEST WIND SPEED    14   HIGHEST WIND DIRECTION    NW (320)
  HIGHEST GUST SPEED    20   HIGHEST GUST DIRECTION     W (290)
  AVERAGE WIND SPEED     6.1


SKY COVER
  POSSIBLE SUNSHINE  MM
  AVERAGE SKY COVER 0.0


WEATHER CONDITIONS
 THE FOLLOWING WEATHER WAS RECORDED TODAY.
  NO SIGNIFICANT WEATHER WAS OBSERVED.


RELATIVE HUMIDITY (PERCENT)
 HIGHEST    32
 LOWEST      7
 AVERAGE    20

..........................................................


THE TUCSON AZ CLIMATE NORMALS FOR TOMORROW
                         NORMAL    RECORD    YEAR
 MAXIMUM TEMPERATURE (F)   83       104      1989
 MINIMUM TEMPERATURE (F)   53        34      1933


SUNRISE AND SUNSET
APRIL 19 2015.........SUNRISE   550 AM MST   SUNSET   656 PM MST
APRIL 20 2015.........SUNRISE   549 AM MST   SUNSET   657 PM MST


-  INDICATES NEGATIVE NUMBERS.
R  INDICATES RECORD WAS SET OR TIED.
MM INDICATES DATA IS MISSING.
T  INDICATES TRACE AMOUNT.




$$
