000
CDUS44 KJAN 060733
CLITVR


CLIMATE REPORT
NATIONAL WEATHER SERVICE JACKSON MS
230 AM CDT WED MAY 6 2015


...................................

...THE VICKSBURG CLIMATE SUMMARY FOR MAY 5 2015...

CLIMATE NORMAL PERIOD 1981 TO 2010
CLIMATE RECORD PERIOD 1948 TO 2015


WEATHER ITEM   OBSERVED TIME   RECORD YEAR NORMAL DEPARTURE LAST
                VALUE   (LST)  VALUE       VALUE  FROM      YEAR
                                                  NORMAL
..................................................................
TEMPERATURE (F)
 YESTERDAY
  MAXIMUM         85    212 PM  92    1952  81      4       86
  MINIMUM         61    315 AM  42    2013  59      2       55
                                      1954
  AVERAGE         73                        70      3       71

PRECIPITATION (IN)
  YESTERDAY        0.00          3.00 1989   0.18  -0.18     0.00
  MONTH TO DATE    0.00                      0.89  -0.89     0.00
  SINCE MAR 1     10.28                     10.89  -0.61    18.98
  SINCE JAN 1     21.53                     21.23   0.30    24.40

SNOWFALL (IN)
  YESTERDAY        0.0

DEGREE DAYS
 HEATING
  YESTERDAY        0                         1     -1        0
  MONTH TO DATE    3                         5     -2       11
  SINCE MAR 1    264                       370   -106      467
  SINCE JUL 1   2522                      2346    176     2876

 COOLING
  YESTERDAY        8                         6      2        6
  MONTH TO DATE   17                        26     -9       14
  SINCE MAR 1    171                       135     36      127
  SINCE JAN 1    171                       144     27      134
..................................................................


WIND (MPH)
  HIGHEST WIND SPEED    18   HIGHEST WIND DIRECTION    SE (130)
  HIGHEST GUST SPEED    24   HIGHEST GUST DIRECTION    SE (140)
  AVERAGE WIND SPEED     7.3


SKY COVER
  POSSIBLE SUNSHINE  MM
  AVERAGE SKY COVER 0.1


WEATHER CONDITIONS
 THE FOLLOWING WEATHER WAS RECORDED YESTERDAY.
  NO SIGNIFICANT WEATHER WAS OBSERVED.


RELATIVE HUMIDITY (PERCENT)
 HIGHEST    93           100 AM
 LOWEST     40           300 PM
 AVERAGE    67

..........................................................


THE VICKSBURG CLIMATE NORMALS FOR TODAY
                         NORMAL    RECORD    YEAR
 MAXIMUM TEMPERATURE (F)   81        93      1952
 MINIMUM TEMPERATURE (F)   59        41      1957


SUNRISE AND SUNSET
MAY  6 2015...........SUNRISE   613 AM CDT   SUNSET   749 PM CDT
MAY  7 2015...........SUNRISE   612 AM CDT   SUNSET   749 PM CDT


-  INDICATES NEGATIVE NUMBERS.
R  INDICATES RECORD WAS SET OR TIED.
MM INDICATES DATA IS MISSING.
T  INDICATES TRACE AMOUNT.




$$
