000
CDUS44 KSHV 062137
CLITYR


CLIMATE REPORT
NATIONAL WEATHER SERVICE SHREVEPORT, LA
434 PM CDT WED MAY 6 2015


...................................

...THE TYLER CLIMATE SUMMARY FOR MAY 6 2015...
VALID TODAY AS OF 0400 PM LOCAL TIME.

CLIMATE NORMAL PERIOD 1981 TO 2010
CLIMATE RECORD PERIOD 1896 TO 2015


WEATHER ITEM   OBSERVED TIME   RECORD YEAR NORMAL DEPARTURE LAST
                VALUE   (LST)  VALUE       VALUE  FROM      YEAR
                                                  NORMAL
..................................................................
TEMPERATURE (F)
 TODAY
  MAXIMUM         82    254 PM  93    1984  80      2       87
  MINIMUM         68    340 AM  43    1957  61      7       63
  AVERAGE         75                        70      5       75

PRECIPITATION (IN)
  TODAY            T             2.80 1943   0.16  -0.16     0.00
  MONTH TO DATE    0.20                      0.92  -0.72     0.00
  SINCE DEC 1     24.70                     19.32   5.38    11.79
  SINCE JAN 1     23.23                     15.08   8.15     8.77

DEGREE DAYS
 HEATING
  TODAY            0                         1     -1        0
  MONTH TO DATE    0                         6     -6       10
  SINCE MAR 1    307                       376    -69      464
  SINCE JUL 1   2194                      2268    -74     2528

 COOLING
  TODAY           10                         6      4       10
  MONTH TO DATE   42                        33      9       31
  SINCE MAR 1    215                       133     82      160
  SINCE JAN 1    215                       145     70      163
..................................................................


WIND (MPH)
  HIGHEST WIND SPEED    21   HIGHEST WIND DIRECTION    SE (150)
  HIGHEST GUST SPEED    26   HIGHEST GUST DIRECTION     S (180)
  AVERAGE WIND SPEED    11.3


SKY COVER
  POSSIBLE SUNSHINE  MM
  AVERAGE SKY COVER 0.6


WEATHER CONDITIONS
 THE FOLLOWING WEATHER WAS RECORDED TODAY.
  LIGHT RAIN


RELATIVE HUMIDITY (PERCENT)
 HIGHEST    87           300 AM
 LOWEST     62           100 PM
 AVERAGE    75

..........................................................


THE TYLER CLIMATE NORMALS FOR TOMORROW
                         NORMAL    RECORD    YEAR
 MAXIMUM TEMPERATURE (F)   81        94      1984
 MINIMUM TEMPERATURE (F)   61        44      1931


SUNRISE AND SUNSET
MAY  6 2015...........SUNRISE   631 AM CDT   SUNSET   806 PM CDT
MAY  7 2015...........SUNRISE   630 AM CDT   SUNSET   807 PM CDT


-  INDICATES NEGATIVE NUMBERS.
R  INDICATES RECORD WAS SET OR TIED.
MM INDICATES DATA IS MISSING.
T  INDICATES TRACE AMOUNT.




$$
