000
CDUS46 KEKA 261211
CLIUKI


CLIMATE REPORT
NATIONAL WEATHER SERVICE EUREKA CA
511 AM PDT SUN APR 26 2015


...................................

...THE UKIAH CA CLIMATE SUMMARY FOR APRIL 25 2015...

CLIMATE NORMAL PERIOD 1981 TO 2010
CLIMATE RECORD PERIOD 1903 TO 2015


WEATHER ITEM   OBSERVED TIME   RECORD YEAR NORMAL DEPARTURE LAST
                VALUE   (LST)  VALUE       VALUE  FROM      YEAR
                                                  NORMAL
..................................................................
TEMPERATURE (F)
 YESTERDAY
  MAXIMUM         66    251 PM  98    1926  71     -5       56
  MINIMUM         46   1143 PM  26    1923  44      2       43
  AVERAGE         56                        58     -2       50

PRECIPITATION (IN)
  YESTERDAY        0.01          1.35 1994   0.08  -0.07     0.08
  MONTH TO DATE    1.93                      2.21  -0.28     1.28
  SINCE OCT 1     25.44                     34.66  -9.22    17.88
  SINCE JAN 1      7.67                     21.28 -13.61    16.54

SNOWFALL (IN)
  YESTERDAY       MM            MM      MM  MM     MM       MM
  MONTH TO DATE    0.0                      MM     MM        0.0
  SINCE MAR 1      0.0                      MM     MM        0.0
  SINCE JUL 1      0.0                      MM     MM        0.0
  SNOW DEPTH       0

DEGREE DAYS
 HEATING
  YESTERDAY        9                         8      1       15
  MONTH TO DATE  200                       263    -63      145
  SINCE MAR 1    395                       677   -282      437
  SINCE JUL 1   1909                      2910  -1001     2444

 COOLING
  YESTERDAY        0                         1     -1        0
  MONTH TO DATE    2                         3     -1        6
  SINCE MAR 1      7                         3      4        6
  SINCE JAN 1      7                         3      4        6
..................................................................


WIND (MPH)
  HIGHEST WIND SPEED    18   HIGHEST WIND DIRECTION    NW (310)
  HIGHEST GUST SPEED    25   HIGHEST GUST DIRECTION    NW (320)
  AVERAGE WIND SPEED     4.8


SKY COVER
  AVERAGE SKY COVER 0.3


WEATHER CONDITIONS
 THE FOLLOWING WEATHER WAS RECORDED YESTERDAY.
  LIGHT RAIN
  FOG


RELATIVE HUMIDITY (PERCENT)
 HIGHEST    93
 LOWEST     44
 AVERAGE    69

..........................................................


THE UKIAH CA CLIMATE NORMALS FOR TODAY
                         NORMAL    RECORD    YEAR
 MAXIMUM TEMPERATURE (F)   72        96      1926
 MINIMUM TEMPERATURE (F)   44        32      1964


SUNRISE AND SUNSET
APRIL 26 2015.........SUNRISE   621 AM PDT   SUNSET   801 PM PDT
APRIL 27 2015.........SUNRISE   620 AM PDT   SUNSET   802 PM PDT


-  INDICATES NEGATIVE NUMBERS.
R  INDICATES RECORD WAS SET OR TIED.
MM INDICATES DATA IS MISSING.
T  INDICATES TRACE AMOUNT.




$$
