000
CDUS44 KCRP 260701 RRA
CLIVCT

CLIMATE REPORT
NATIONAL WEATHER SERVICE CORPUS CHRISTI TX
200 AM CDT SUN APR 26 2015


...THE VICTORIA CLIMATE SUMMARY FOR APRIL 25 2015...

CLIMATE NORMAL PERIOD 1981 TO 2010
CLIMATE RECORD PERIOD 1893 TO 2015


WEATHER ITEM   OBSERVED TIME   RECORD YEAR NORMAL DEPARTURE LAST
                VALUE   (LST)  VALUE       VALUE  FROM      YEAR
                                                  NORMAL
..................................................................
TEMPERATURE (F)
 YESTERDAY
  MAXIMUM         85    411 PM  96    1932  82      3       91
  MINIMUM         67    715 AM  45    1910  62      5       66
  AVERAGE         76                        72      4       79

PRECIPITATION (IN)
  YESTERDAY        0.70          2.75 1966   0.10   0.60     0.00
  MONTH TO DATE    6.81                      2.25   4.56     0.38
  SINCE MAR 1     15.18                      5.02  10.16     2.00
  SINCE JAN 1     19.23                      9.62   9.61     3.66

SNOWFALL (IN)
  YESTERDAY        0.0
  MONTH TO DATE    0.0
  SINCE MAR 1      0.0
  SINCE JUL 1      0.0
  SNOW DEPTH       0

DEGREE DAYS
 HEATING
  YESTERDAY        0                         0      0        0
  MONTH TO DATE    0                        29    -29       32
  SINCE MAR 1    139                       154    -15      237
  SINCE JUL 1   1219                      1247    -28     1490

 COOLING
  YESTERDAY       11                         7      4       14
  MONTH TO DATE  203                       136     67      141
  SINCE MAR 1    263                       210     53      193
  SINCE JAN 1    278                       248     30      251
..................................................................


WIND (MPH)
  HIGHEST WIND SPEED    24   HIGHEST WIND DIRECTION     N (350)
  HIGHEST GUST SPEED    30   HIGHEST GUST DIRECTION     N (350)
  AVERAGE WIND SPEED     7.5


SKY COVER
  POSSIBLE SUNSHINE  MM
  AVERAGE SKY COVER 0.4


WEATHER CONDITIONS
 THE FOLLOWING WEATHER WAS RECORDED YESTERDAY.
  THUNDERSTORM
  HEAVY RAIN
  RAIN
  LIGHT RAIN
  FOG


RELATIVE HUMIDITY (PERCENT)
 HIGHEST   100          1200 AM
 LOWEST     61           300 PM
 AVERAGE    81

..........................................................


THE VICTORIA CLIMATE NORMALS FOR TODAY
                         NORMAL    RECORD    YEAR
 MAXIMUM TEMPERATURE (F)   83        96      1933
 MINIMUM TEMPERATURE (F)   62        46      1913


SUNRISE AND SUNSET
APRIL 26 2015.........SUNRISE   651 AM CDT   SUNSET   800 PM CDT
APRIL 27 2015.........SUNRISE   650 AM CDT   SUNSET   801 PM CDT


-  INDICATES NEGATIVE NUMBERS.
R  INDICATES RECORD WAS SET OR TIED.
MM INDICATES DATA IS MISSING.
T  INDICATES TRACE AMOUNT.

$$

TMT
