000
CDUS43 KLOT 180633
CLIVPZ


CLIMATE REPORT
NATIONAL WEATHER SERVICE CHICAGO IL
132 AM CDT SAT APR 18 2015


...................................

...THE VALPARAISO CLIMATE SUMMARY FOR APRIL 17 2015...

CLIMATE NORMAL PERIOD 1981 TO 2010
CLIMATE RECORD PERIOD 1998 TO 2015


WEATHER ITEM   OBSERVED TIME   RECORD YEAR NORMAL DEPARTURE LAST
                VALUE   (LST)  VALUE       VALUE  FROM      YEAR
                                                  NORMAL
..................................................................
TEMPERATURE (F)
 YESTERDAY
  MAXIMUM         78    200 PM  85    2002  60     18       64
  MINIMUM         41    518 AM  28    2001  39      2       36
  AVERAGE         60                        50     10       50

PRECIPITATION (IN)
  YESTERDAY        0.00          0.74 2013   0.13  -0.13      T
  MONTH TO DATE    0.86                      1.89  -1.03     1.71
  SINCE MAR 1      1.48                      4.37  -2.89     2.50
  SINCE JAN 1      3.09                      7.54  -4.45     5.13

DEGREE DAYS
 HEATING
  YESTERDAY        5                        15    -10       15
  MONTH TO DATE  212                       312   -100      338
  SINCE MAR 1   1175                      1157     18     1338
  SINCE JUL 1   6433                      5889    544     6787

 COOLING
  YESTERDAY        0                         0      0        0
  MONTH TO DATE    0                         0      0        0
  SINCE MAR 1      0                         0      0        0
  SINCE JAN 1      0                         0      0        0
..................................................................


WIND (MPH)
  RESULTANT WIND SPEED   3   RESULTANT WIND DIRECTION  SW (240)
  HIGHEST WIND SPEED    13   HIGHEST WIND DIRECTION     W (270)
  HIGHEST GUST SPEED    17   HIGHEST GUST DIRECTION    SW (230)
  AVERAGE WIND SPEED     3.6



WEATHER CONDITIONS
 THE FOLLOWING WEATHER WAS RECORDED YESTERDAY.
  FOG
  FOG W/VISIBILITY <= 1/4 MILE
  HAZE


..........................................................


THE VALPARAISO CLIMATE NORMALS FOR TODAY
                         NORMAL    RECORD    YEAR
 MAXIMUM TEMPERATURE (F)   61        88      2002
                                             2002
 MINIMUM TEMPERATURE (F)   39        27      2001
                                             1926


SUNRISE AND SUNSET
APRIL 18 2015.........SUNRISE   604 AM CDT   SUNSET   731 PM CDT
APRIL 19 2015.........SUNRISE   603 AM CDT   SUNSET   732 PM CDT


-  INDICATES NEGATIVE NUMBERS.
R  INDICATES RECORD WAS SET OR TIED.
MM INDICATES DATA IS MISSING.
T  INDICATES TRACE AMOUNT.




$$
