000
CDUS46 KPQR 280221
CLIVUO


CLIMATE REPORT
NATIONAL WEATHER SERVICE PORTLAND OREGON
721 PM PDT MON APR 27 2015


...................................

...THE VANCOUVER WA CLIMATE SUMMARY FOR APRIL 27 2015...
VALID TODAY AS OF 0700 PM LOCAL TIME.

CLIMATE NORMAL PERIOD 1981 TO 2010
CLIMATE RECORD PERIOD 1891 TO 2015


WEATHER ITEM   OBSERVED TIME   RECORD YEAR NORMAL DEPARTURE LAST
                VALUE   (LST)  VALUE       VALUE  FROM      YEAR
                                                  NORMAL
..................................................................
TEMPERATURE (F)
 TODAY
  MAXIMUM         81    540 PM  90    1926  64     17       56
  MINIMUM         49    600 AM  30    1984  44      5       43
  AVERAGE         65                        54     11       50

PRECIPITATION (IN)
  TODAY            0.00                      0.08  -0.08     0.18
  MONTH TO DATE    1.77                      2.76  -0.99     3.14
  SINCE OCT 1     28.86                     31.61  -2.75    22.02
  SINCE JAN 1     13.97                     15.86  -1.89    16.55

DEGREE DAYS
 HEATING
  TODAY            0                                        15
  MONTH TO DATE  373                                       345
  SINCE MAR 1    805                                       864
  SINCE JUL 1   3457                                      4327

 COOLING
  TODAY            0                                         0
  MONTH TO DATE    0                                         0
  SINCE MAR 1      0                                         0
  SINCE JAN 1      0                                         0
..................................................................


WIND (MPH)
  HIGHEST WIND SPEED    13   HIGHEST WIND DIRECTION     E (90)
  HIGHEST GUST SPEED    19   HIGHEST GUST DIRECTION    SE (120)
  AVERAGE WIND SPEED     4.1


SKY COVER
  POSSIBLE SUNSHINE  MM
  AVERAGE SKY COVER 0.4


WEATHER CONDITIONS
 THE FOLLOWING WEATHER WAS RECORDED TODAY.
  FOG
  FOG W/VISIBILITY <= 1/4 MILE


RELATIVE HUMIDITY (PERCENT)
 HIGHEST    96           400 AM
 LOWEST     33           600 PM
 AVERAGE    65

..........................................................


THE VANCOUVER WA CLIMATE NORMALS FOR TOMORROW
                         NORMAL    RECORD    YEAR
 MAXIMUM TEMPERATURE (F)   64        87      1926
 MINIMUM TEMPERATURE (F)   44        29      1973


SUNRISE AND SUNSET
APRIL 27 2015.........SUNRISE   605 AM PDT   SUNSET   812 PM PDT
APRIL 28 2015.........SUNRISE   603 AM PDT   SUNSET   814 PM PDT


-  INDICATES NEGATIVE NUMBERS.
R  INDICATES RECORD WAS SET OR TIED.
MM INDICATES DATA IS MISSING.
T  INDICATES TRACE AMOUNT.




$$
