000
CDUS45 KLKN 030935
CLIWMC


CLIMATE REPORT
NATIONAL WEATHER SERVICE ELKO NV
235 AM PDT SUN MAY 3 2015


...................................

...THE WINNEMUCCA AIRPORT NV CLIMATE SUMMARY FOR MAY 2 2015...

CLIMATE NORMAL PERIOD 1981 TO 2010
CLIMATE RECORD PERIOD 1877 TO 2015


WEATHER ITEM   OBSERVED TIME   RECORD YEAR NORMAL DEPARTURE LAST
                VALUE   (LST)  VALUE       VALUE  FROM      YEAR
                                                  NORMAL
..................................................................
TEMPERATURE (F)
 YESTERDAY
  MAXIMUM         81    357 PM  92    1947  68     13       85
  MINIMUM         38    420 AM  15    1953  35      3       31
  AVERAGE         60                        51      9       58

PRECIPITATION (IN)
  YESTERDAY        0.00          0.94 1895   0.04  -0.04     0.00
  MONTH TO DATE    0.00                      0.08  -0.08     0.00
  SINCE OCT 1      5.74                      5.81  -0.07     5.84
  SINCE JAN 1      3.17                      3.33  -0.16     3.18

SNOWFALL (IN)
  YESTERDAY        0.0           1.0  1892   0.0    0.0      0.0
  MONTH TO DATE    0.0                       0.0    0.0      0.0
  SINCE MAR 1      2.4                       4.8   -2.4      1.9
  SINCE JUL 1      5.3                      20.8  -15.5     23.4
  SNOW DEPTH      MM

DEGREE DAYS
 HEATING
  YESTERDAY        5                        14     -9        7
  MONTH TO DATE   14                        28    -14       17
  SINCE MAR 1   1189                      1319   -130     1245
  SINCE JUL 1   4971                      5908   -937     5904

 COOLING
  YESTERDAY        0                         0      0        0
  MONTH TO DATE    0                         0      0        0
  SINCE MAR 1      0                         0      0        0
  SINCE JAN 1      0                         0      0        0
..................................................................


WIND (MPH)
  HIGHEST WIND SPEED    18   HIGHEST WIND DIRECTION     W (250)
  HIGHEST GUST SPEED    28   HIGHEST GUST DIRECTION     W (250)
  AVERAGE WIND SPEED     7.4



WEATHER CONDITIONS
 THE FOLLOWING WEATHER WAS RECORDED YESTERDAY.
  NO SIGNIFICANT WEATHER WAS OBSERVED.


RELATIVE HUMIDITY (PERCENT)
 HIGHEST    56          1200 AM
 LOWEST     56          1200 AM
 AVERAGE    56

..........................................................


THE WINNEMUCCA AIRPORT NV CLIMATE NORMALS FOR TODAY
                         NORMAL    RECORD    YEAR
 MAXIMUM TEMPERATURE (F)   68        90      1947
 MINIMUM TEMPERATURE (F)   35        16      1959


SUNRISE AND SUNSET
MAY  3 2015...........SUNRISE   547 AM PDT   SUNSET   750 PM PDT
MAY  4 2015...........SUNRISE   546 AM PDT   SUNSET   751 PM PDT


-  INDICATES NEGATIVE NUMBERS.
R  INDICATES RECORD WAS SET OR TIED.
MM INDICATES DATA IS MISSING.
T  INDICATES TRACE AMOUNT.




$$
