000
CDUS41 KPBZ 250702
CLIZZV


CLIMATE REPORT
NATIONAL WEATHER SERVICE PITTSBURGH PA
302 AM EDT SAT APR 25 2015


...................................

...THE ZANESVILLE OH CLIMATE SUMMARY FOR APRIL 24 2015...

CLIMATE NORMAL PERIOD 1981 TO 2010
CLIMATE RECORD PERIOD 1946 TO 2015


WEATHER ITEM   OBSERVED TIME   RECORD YEAR NORMAL DEPARTURE LAST
                VALUE   (LST)  VALUE       VALUE  FROM      YEAR
                                                  NORMAL
..................................................................
TEMPERATURE (F)
 YESTERDAY
  MAXIMUM         57    336 PM  86    1960  66     -9       62
  MINIMUM         24R   509 AM  27    2003  42    -18       33
  AVERAGE         41                        54    -13       48

PRECIPITATION (IN)
  YESTERDAY        0.00         MM      MM   0.12  -0.12     0.00
  MONTH TO DATE    5.50                      2.77   2.73     2.96
  SINCE JUN 1     35.24                     33.00   2.24    35.67
  SINCE JAN 1     12.83                     10.60   2.23     7.36

DEGREE DAYS
 HEATING
  YESTERDAY       24                        11     13       17
  MONTH TO DATE  270                       352    -82      309
  SINCE MAR 1   1140                      1105     35     1210
  SINCE JUL 1   5797                      5296    501     5767

 COOLING
  YESTERDAY        0                         0      0        0
  MONTH TO DATE    1                         0      1        5
  SINCE MAR 1      1                         1      0        5
  SINCE JAN 1      1                         1      0        5
..................................................................


WIND (MPH)
  HIGHEST WIND SPEED    14   HIGHEST WIND DIRECTION     W (250)
  HIGHEST GUST SPEED    20   HIGHEST GUST DIRECTION    NW (320)
  AVERAGE WIND SPEED     3.4


SKY COVER
  POSSIBLE SUNSHINE  MM
  AVERAGE SKY COVER 0.1


WEATHER CONDITIONS
 THE FOLLOWING WEATHER WAS RECORDED YESTERDAY.
  NO SIGNIFICANT WEATHER WAS OBSERVED.


RELATIVE HUMIDITY (PERCENT)
 HIGHEST    92           700 AM
 LOWEST     26           500 PM
 AVERAGE    59

..........................................................


THE ZANESVILLE OH CLIMATE NORMALS FOR TODAY
                         NORMAL    RECORD    YEAR
 MAXIMUM TEMPERATURE (F)   67        87      2009
                                             1948
 MINIMUM TEMPERATURE (F)   43        28      1995


SUNRISE AND SUNSET
APRIL 25 2015.........SUNRISE   636 AM EDT   SUNSET   816 PM EDT
APRIL 26 2015.........SUNRISE   635 AM EDT   SUNSET   817 PM EDT


-  INDICATES NEGATIVE NUMBERS.
R  INDICATES RECORD WAS SET OR TIED.
MM INDICATES DATA IS MISSING.
T  INDICATES TRACE AMOUNT.




$$
