000
CXUS54 KBMX 011925
CLMANB


CLIMATE REPORT
NATIONAL WEATHER SERVICE BIRMINGHAM, AL
224 PM CDT FRI MAY 1 2015

...................................

...THE ANNISTON CLIMATE SUMMARY FOR THE MONTH OF APRIL 2015...

CLIMATE NORMAL PERIOD 1981 TO 2010
CLIMATE RECORD PERIOD 1903 TO 2015

WEATHER         OBSERVED          NORMAL  DEPART  LAST YEAR`S
                 VALUE   DATE(S)  VALUE   FROM    VALUE  DATE(S)
                                          NORMAL
................................................................
TEMPERATURE (F)
RECORD
 HIGH              93   04/17/1955
 LOW               26   04/08/2007
                        04/17/1905
                        01/21/1985
HIGHEST            87   04/08        MM      MM       85  04/26
LOWEST             42   04/05        MM      MM       34  04/16
AVG. MAXIMUM     75.6              74.0     1.6     74.1
AVG. MINIMUM     54.8              49.5     5.3     50.2
MEAN             65.2                               62.2
DAYS MAX >= 90      0               0.0     0.0        0
DAYS MAX <= 32      0               0.0     0.0        0
DAYS MIN <= 32      0               0.7    -0.7        0
DAYS MIN <= 0       0               0.0     0.0        0

PRECIPITATION (INCHES)
RECORD
 MAXIMUM        17.30   1979
 MINIMUM         0.17   MM
TOTALS           8.25              4.11    4.14     7.85
DAILY AVG.       0.28              0.14    0.14
DAYS >= .01        16               8.6     7.4
DAYS >= .10        11               6.6     4.4
DAYS >= .50         7               2.9     4.1
DAYS >= 1.00        4               1.1     2.9

DEGREE_DAYS
HEATING TOTAL      62               146     -84      110
 SINCE 7/1       2829              2754      75     2973
COOLING TOTAL      74                49      25       33
 SINCE 1/1         82                62      20       33
.................................................................

WIND (MPH)
AVERAGE WIND SPEED              5.3
HIGHEST WIND SPEED/DIRECTION    28/340    DATE  04/19
HIGHEST GUST SPEED/DIRECTION    36/330    DATE  04/19

AVERAGE RH (PERCENT)     70

WEATHER CONDITIONS. NUMBER OF DAYS WITH
THUNDERSTORM              0     MIXED PRECIP               0
HEAVY RAIN               10     RAIN                      12
LIGHT RAIN               18     FREEZING RAIN              0
LT FREEZING RAIN          0     HAIL                       0
HEAVY SNOW                0     SNOW                       0
LIGHT SNOW                0     SLEET                      0
FOG                      21     FOG W/VIS <= 1/4 MILE      3
HAZE                      3

-  INDICATES NEGATIVE NUMBERS.
R  INDICATES RECORD WAS SET OR TIED.
MM INDICATES DATA IS MISSING.
T  INDICATES TRACE AMOUNT.

$$
