000
CXUS52 KCAE 011431
CLMCUB


CLIMATE REPORT
NATIONAL WEATHER SERVICE COLUMBIA SC
1027 AM EDT WED APR 1 2015

...................................

...THE HAMILTON - OWENS AIRPORT SC CLIMATE SUMMARY FOR THE MONTH OF MARCH 2015...

CLIMATE NORMAL PERIOD 1981 TO 2010
CLIMATE RECORD PERIOD 9999 TO 9999

WEATHER         OBSERVED          NORMAL  DEPART
                 VALUE   DATE(S)  VALUE   FROM
                                          NORMAL
................................................
TEMPERATURE (F)
HIGHEST            85   03/11        MM      MM
LOWEST             30   03/29        MM      MM
                        03/07
AVG. MAXIMUM     70.1              68.6     1.5
AVG. MINIMUM     47.4              44.7     2.7
MEAN             58.7              56.7     2.0
DAYS MAX >= 90      0               0.0     0.0
DAYS MAX <= 32      0               0.0     0.0
DAYS MIN <= 32      2               2.3    -0.3
DAYS MIN <= 0       0               0.0     0.0

PRECIPITATION (INCHES)
TOTALS           2.64              3.88   -1.24
DAYS >= .01        10                MM      MM
DAYS >= .10         7                MM      MM
DAYS >= .50         2                MM      MM
DAYS >= 1.00        0                MM      MM
GREATEST
 24 HR. TOTAL    0.61   03/19 TO 03/19

SNOWFALL (INCHES)
DAYS >= TRACE       0

DEGREE_DAYS
HEATING TOTAL     208               274     -66
 SINCE 7/1       2334              2203     131
COOLING TOTAL      21                15       6
 SINCE 1/1         21                18       3
.................................................

WIND (MPH)
AVERAGE WIND SPEED              4.1
RESULTANT WIND SPEED/DIRECTION   1/194
HIGHEST WIND SPEED/DIRECTION    32/290    DATE  03/05
HIGHEST GUST SPEED/DIRECTION    40/290    DATE  03/05

SKY COVER
POSSIBLE SUNSHINE (PERCENT)   MM
AVERAGE SKY COVER           0.50
NUMBER OF DAYS FAIR           13
NUMBER OF DAYS PC              9
NUMBER OF DAYS CLOUDY          9

AVERAGE RH (PERCENT)     63

WEATHER CONDITIONS. NUMBER OF DAYS WITH
THUNDERSTORM              0     MIXED PRECIP               0
HEAVY RAIN                5     RAIN                       7
LIGHT RAIN               12     FREEZING RAIN              0
LT FREEZING RAIN          0     HAIL                       0
HEAVY SNOW                0     SNOW                       0
LIGHT SNOW                0     SLEET                      0
FOG                      13     FOG W/VIS <= 1/4 MILE      3
HAZE                      5

-  INDICATES NEGATIVE NUMBERS.
R  INDICATES RECORD WAS SET OR TIED.
MM INDICATES DATA IS MISSING.
T  INDICATES TRACE AMOUNT.

$$
