000
CXUS53 KUNR 011903
CLMD07


CLIMATE REPORT
NATIONAL WEATHER SERVICE RAPID CITY SD
103 PM MDT FRI MAY 1 2015

...................................

...THE FAITH SD CLIMATE SUMMARY FOR THE MONTH OF APRIL 2015...

CLIMATE NORMAL PERIOD 1981 TO 2010
CLIMATE RECORD PERIOD 9999 TO 9999

WEATHER         OBSERVED          NORMAL  DEPART  LAST YEAR`S
                 VALUE   DATE(S)  VALUE   FROM    VALUE  DATE(S)
                                          NORMAL
................................................................
TEMPERATURE (F)
HIGHEST            84   04/14                         78  04/09
LOWEST             17   04/03                          3  04/01
AVG. MAXIMUM     60.2              56.7     3.5     55.0
AVG. MINIMUM     33.3              32.8     0.5     31.4
MEAN             46.7              44.8     1.9     43.0
DAYS MAX >= 90      0                                  0
DAYS MAX <= 32      0                                  3
DAYS MIN <= 32     14                                 13
DAYS MIN <= 0       0                                  0

PRECIPITATION (INCHES)
TOTALS           0.50              1.63   -1.13     0.88
DAILY AVG.       0.02              0.05   -0.03     0.03
DAYS >= .01         5                                  4
DAYS >= .10         2                                  3
DAYS >= .50         0                                  0
DAYS >= 1.00        0                                  0
GREATEST
 24 HR. TOTAL    0.28   04/18 TO 04/18              0.41
                        04/18 TO 04/19

DEGREE_DAYS
HEATING TOTAL     541               608     -67      608
 SINCE 7/1       6764              7299    -535     7812
COOLING TOTAL       0                 1      -1        0
 SINCE 1/1          2                 1       1        0
.................................................................

WIND (MPH)
AVERAGE WIND SPEED              13.8
HIGHEST WIND SPEED/DIRECTION    39/320    DATE  04/02
HIGHEST GUST SPEED/DIRECTION    50/310    DATE  04/02

AVERAGE RH (PERCENT)     53


-  INDICATES NEGATIVE NUMBERS.
R  INDICATES RECORD WAS SET OR TIED.
MM INDICATES DATA IS MISSING.
T  INDICATES TRACE AMOUNT.

$$
