000
CXUS53 KAPX 010540
CLMHTL


CLIMATE REPORT
NATIONAL WEATHER SERVICE GAYLORD MI
139 AM EDT WED APR 1 2015

...................................

...THE HOUGHTON LAKE MI CLIMATE SUMMARY FOR THE MONTH OF MARCH 2015...

CLIMATE NORMAL PERIOD 1981 TO 2010
CLIMATE RECORD PERIOD 1913 TO 2015

WEATHER         OBSERVED          NORMAL  DEPART  LAST YEAR`S
                 VALUE   DATE(S)  VALUE   FROM    VALUE  DATE(S)
                                          NORMAL
................................................................
TEMPERATURE (F)
RECORD
 HIGH              85   03/21/2012
 LOW              -25   03/03/1943
HIGHEST            63   03/16        MM      MM       55  03/31
LOWEST            -17   03/05        MM      MM      -24  03/03
AVG. MAXIMUM     38.4              39.7    -1.3     31.4
AVG. MINIMUM     15.9              18.5    -2.6      7.4
MEAN             27.1              29.1    -2.0     19.4
DAYS MAX >= 90      0               0.0     0.0        0
DAYS MAX <= 32      9               7.1     1.9       16
DAYS MIN <= 32     30              28.1     1.9       31
DAYS MIN <= 0       3               2.4     0.6       11

PRECIPITATION (INCHES)
RECORD
 MAXIMUM           MM   MM
 MINIMUM           MM   MM
TOTALS           0.47              1.84   -1.37     1.15
DAILY AVG.       0.02              0.06   -0.04     0.04
DAYS >= .01         5              11.0    -6.0        8
DAYS >= .10         2               4.8    -2.8        5
DAYS >= .50         0               1.2    -1.2        0
DAYS >= 1.00        0               0.1    -0.1        0
GREATEST
 24 HR. TOTAL    0.24   03/25 TO 03/25
 STORM TOTAL       MM
 (MM/DD(HH))            MM

SNOWFALL (INCHES)
RECORDS
 TOTAL             MM   MM
 24 HR TOTAL       MM
 SNOW DEPTH        MM   MM
TOTALS            1.6               8.3    -6.7      6.1
SINCE 7/1        43.2              62.8   -19.6     58.4
SNOWDEPTH AVG.      6                 6       0       18
DAYS >= TRACE      14               7.4     6.6       15
DAYS >= 1.0         1               2.6    -1.6        3
GREATEST
 SNOW DEPTH        15   03/04                         26  03/07
                                                          03/06
                                                          03/05
 24 HR TOTAL      1.2   MM                           2.3

DEGREE_DAYS
HEATING TOTAL    1167              1113      54     1406
 SINCE 7/1       7534              6985     549     7854
COOLING TOTAL       0                 0       0        0
 SINCE 1/1          0                 0       0        0
.................................................................

WIND (MPH)
AVERAGE WIND SPEED              8.4
HIGHEST WIND SPEED/DIRECTION    29/330    DATE  03/14
HIGHEST GUST SPEED/DIRECTION    39/340    DATE  03/17

SKY COVER
POSSIBLE SUNSHINE (PERCENT)   MM
AVERAGE SKY COVER           0.40
NUMBER OF DAYS FAIR           17
NUMBER OF DAYS PC              7
NUMBER OF DAYS CLOUDY          7

AVERAGE RH (PERCENT)     63

WEATHER CONDITIONS. NUMBER OF DAYS WITH
THUNDERSTORM              0     MIXED PRECIP               0
HEAVY RAIN                0     RAIN                       0
LIGHT RAIN                2     FREEZING RAIN              1
LT FREEZING RAIN          3     HAIL                       0
HEAVY SNOW                0     SNOW                       1
LIGHT SNOW               12     SLEET                      0
FOG                      12     FOG W/VIS <= 1/4 MILE      4
HAZE                      8

-  INDICATES NEGATIVE NUMBERS.
R  INDICATES RECORD WAS SET OR TIED.
MM INDICATES DATA IS MISSING.
T  INDICATES TRACE AMOUNT.

$$
