000
CXUS51 KRLX 022028
CLMHTS


CLIMATE REPORT
NATIONAL WEATHER SERVICE CHARLESTON WV
425 PM EDT THU APR 2 2015

...................................

...THE HUNTINGTON CLIMATE SUMMARY FOR THE MONTH OF MARCH 2015...

CLIMATE NORMAL PERIOD 1981 TO 2010
CLIMATE RECORD PERIOD 1897 TO 2015

WEATHER         OBSERVED          NORMAL  DEPART  LAST YEAR`S
                 VALUE   DATE(S)  VALUE   FROM    VALUE  DATE(S)
                                          NORMAL
................................................................
TEMPERATURE (F)
RECORD
 HIGH              92   03/25/1929
 LOW               -2   03/03/1980
HIGHEST            76   03/16        MM      MM       74  03/11
LOWEST              0   03/06        MM      MM        5  03/04
AVG. MAXIMUM     55.3              56.6    -1.3     53.1
AVG. MINIMUM     33.6              35.3    -1.7     28.7
MEAN             44.5              45.9    -1.4     40.9
DAYS MAX >= 90      0               0.0     0.0        0
DAYS MAX <= 32      2               0.5     1.5        1
DAYS MIN <= 32     13              12.4     0.6       21
DAYS MIN <= 0       1               0.0     1.0        0

PRECIPITATION (INCHES)
RECORD
 MAXIMUM         8.88   2002
 MINIMUM         0.56   1910
TOTALS           6.33              3.90    2.43     3.11
DAILY AVG.       0.20              0.13    0.07     0.10
DAYS >= .01        12              13.3    -1.3       10
DAYS >= .10         9               8.0     1.0        7
DAYS >= .50         4               2.4     1.6        2
DAYS >= 1.00        2               0.6     1.4        1
GREATEST
 24 HR. TOTAL    1.95   03/04 TO 03/04              1.08

SNOWFALL (INCHES)
RECORDS
 TOTAL           23.6   1993
TOTALS           12.8               3.8     9.0      8.6
SINCE 7/1        36.6              22.7    13.9     36.8
DAYS >= 1.0         1               1.0     0.0        3
GREATEST
 SNOW DEPTH        11R  03/06                          4  03/17
 24 HR TOTAL     12.8R  MM                       03/03 TO 03/03
                                                          03/03 TO 03/03
                                                          03/03 TO 03/03

DEGREE_DAYS
HEATING TOTAL     629               596      33      740
 SINCE 7/1       4645              4097     548     4501
COOLING TOTAL       0                 5      -5        0
 SINCE 1/1          0                 5      -5        0
....................................................

WIND (MPH)
AVERAGE WIND SPEED              6.4
HIGHEST WIND SPEED/DIRECTION    25/270    DATE  03/31
HIGHEST GUST SPEED/DIRECTION    38/270    DATE  03/31

SKY COVER
POSSIBLE SUNSHINE (PERCENT)   MM
AVERAGE SKY COVER           0.40
NUMBER OF DAYS FAIR           14
NUMBER OF DAYS PC              8
NUMBER OF DAYS CLOUDY          9

AVERAGE RH (PERCENT)     65

WEATHER CONDITIONS. NUMBER OF DAYS WITH
THUNDERSTORM              0     MIXED PRECIP               0
HEAVY RAIN                3     RAIN                       7
LIGHT RAIN               13     FREEZING RAIN              1
LT FREEZING RAIN          1     HAIL                       0
HEAVY SNOW                1     SNOW                       2
LIGHT SNOW                3     SLEET                      0
FOG                      17     FOG W/VIS <= 1/4 MILE      4
HAZE                      7

-  INDICATES NEGATIVE NUMBERS.
R  INDICATES RECORD WAS SET OR TIED.
MM INDICATES DATA IS MISSING.
T  INDICATES TRACE AMOUNT.

$$
