000
CXUS51 KRNK 011553
CLSBLF


CLIMATE REPORT
NATIONAL WEATHER SERVICE BLACKSBURG VA
1034 AM EST SUN MAR 1 2015

...................................

...THE BLUEFIELD WV CLIMATE SUMMARY FOR THE SEASON, FROM
12/1/2014 TO 2/28/2015...

CLIMATE NORMAL PERIOD 1981 TO 2010
CLIMATE RECORD PERIOD 1959 TO 2015

WEATHER         OBSERVED          NORMAL  DEPART
                 VALUE   DATE(S)  VALUE   FROM
                                          NORMAL
................................................
TEMPERATURE (F)
RECORD
 HIGH              75   02/26/1977
 LOW              -21   01/21/1985
HIGHEST            64   01/04
LOWEST             -7   02/20
AVG. MAXIMUM     41.2              44.2    -3.0
AVG. MINIMUM     24.8
MEAN             33.0              36.2    -3.2
DAYS MAX >= 90      0               0.0     0.0
DAYS MAX <= 32     16              15.4     0.6
DAYS MIN <= 32     64              57.3     6.7
DAYS MIN <= 0       3               0.9     2.1

PRECIPITATION (INCHES)
RECORD
 MAXIMUM        12.72   1993
 MINIMUM         4.38   1980
TOTALS           5.95              8.57   -2.62
DAYS >= .01        38              40.3    -2.3
DAYS >= .10        16              20.7    -4.7
DAYS >= .50         2               5.4    -3.4
DAYS >= 1.00        0               1.0    -1.0
GREATEST
 24 HR. TOTAL    0.80

SNOWFALL (INCHES)
TOTALS           31.8
SINCE 7/1        36.6
SNOWDEPTH AVG.      2
DAYS >= TRACE      43
DAYS >= 1.0         7
GREATEST
 SNOW DEPTH        13
 24 HR TOTAL      8.8

DEGREE_DAYS
HEATING TOTAL    2835              2589     246
 SINCE 7/1       3920              3493     427
COOLING TOTAL       0                 0       0
 SINCE 1/1          0                 0       0
.................................................

WIND (MPH)
AVERAGE WIND SPEED              8.5
HIGHEST WIND SPEED/DIRECTION    37/240
HIGHEST GUST SPEED/DIRECTION    53/280

SKY COVER
POSSIBLE SUNSHINE (PERCENT)   MM
NUMBER OF DAYS FAIR           17
NUMBER OF DAYS PC             31
NUMBER OF DAYS CLOUDY         42

AVERAGE RH (PERCENT)     64

WEATHER CONDITIONS. NUMBER OF DAYS WITH
THUNDERSTORM              0     MIXED PRECIP               0
HEAVY RAIN                1     RAIN                       8
LIGHT RAIN               30     FREEZING RAIN              1
LT FREEZING RAIN          6     HAIL                       0
HEAVY SNOW                7     SNOW                       9
LIGHT SNOW               42     SLEET                      3
FOG                      45     FOG W/VIS <= 1/4 MILE     21
HAZE                      6

-  INDICATES NEGATIVE NUMBERS.
R  INDICATES RECORD WAS SET OR TIED.
MM INDICATES DATA IS MISSING.
T  INDICATES TRACE AMOUNT.

$$

PW
