000
CDUS43 KUNR 160834
CLIUNR


CLIMATE REPORT
NATIONAL WEATHER SERVICE RAPID CITY SD
233 AM MDT THU APR 16 2015


...................................

...THE EAST RAPID CITY SD CLIMATE SUMMARY FOR APRIL 15 2015...

CLIMATE NORMAL PERIOD 1981 TO 2010
CLIMATE RECORD PERIOD 1888 TO 2015


WEATHER ITEM   OBSERVED RECORD YEAR NORMAL DEPARTURE LAST
                VALUE   VALUE       VALUE  FROM      YEAR
                                           NORMAL
...........................................................
TEMPERATURE (F)
 YESTERDAY
  MAXIMUM         57     84    2008  56      1       66
                               1913
  MINIMUM         42     17    2000  34      8       18
  AVERAGE         50                 45      5       42

PRECIPITATION (IN)
  YESTERDAY        0.03   1.39 1938   0.07  -0.04     0.03
  MONTH TO DATE    0.19               0.84  -0.65     0.68
  SINCE MAR 1      0.29               1.83  -1.54     1.81
  SINCE JAN 1      0.84               2.60  -1.76     2.32

SNOWFALL (IN)
  YESTERDAY        0.0    9.3  1917   0.3   -0.3      0.0
  MONTH TO DATE    T                  5.3   -5.3      7.8
  SINCE MAR 1      1.4               17.1  -15.7     22.2
  SINCE JUL 1     37.1               43.8   -6.7     72.3
  SNOW DEPTH       0

DEGREE DAYS
 HEATING
  YESTERDAY       15                 20     -5       23
  MONTH TO DATE  271                342    -71      360
  SINCE MAR 1    896               1250   -354     1380
  SINCE JUL 1   5592               6204   -612     6728

 COOLING
  YESTERDAY        0                  0      0        0
  MONTH TO DATE    0                  0      0        0
  SINCE MAR 1      6                  0      6        0
  SINCE JAN 1      6                  0      6        0
...........................................................


WIND (MPH)
  HIGHEST GUST SPEED    32   HIGHEST GUST DIRECTION     N (350)



WEATHER CONDITIONS
 THE FOLLOWING WEATHER WAS RECORDED YESTERDAY.
  LIGHT RAIN


..........................................................


THE EAST RAPID CITY SD CLIMATE NORMALS FOR TODAY
                         NORMAL    RECORD    YEAR
 MAXIMUM TEMPERATURE (F)   56        84      1958
 MINIMUM TEMPERATURE (F)   34        13      1907


SUNRISE AND SUNSET
APRIL 16 2015.........SUNRISE   608 AM MDT   SUNSET   738 PM MDT
APRIL 17 2015.........SUNRISE   607 AM MDT   SUNSET   739 PM MDT


-  INDICATES NEGATIVE NUMBERS.
R  INDICATES RECORD WAS SET OR TIED.
MM INDICATES DATA IS MISSING.
T  INDICATES TRACE AMOUNT.




$$
