000
CDUS43 KUNR 250832
CLIUNR


CLIMATE REPORT
NATIONAL WEATHER SERVICE RAPID CITY SD
232 AM MDT SAT APR 25 2015


...................................

...THE EAST RAPID CITY SD CLIMATE SUMMARY FOR APRIL 24 2015...

CLIMATE NORMAL PERIOD 1981 TO 2010
CLIMATE RECORD PERIOD 1888 TO 2015


WEATHER ITEM   OBSERVED RECORD YEAR NORMAL DEPARTURE LAST
                VALUE   VALUE       VALUE  FROM      YEAR
                                           NORMAL
...........................................................
TEMPERATURE (F)
 YESTERDAY
  MAXIMUM         66     88    1962  59      7       63
  MINIMUM         50     23    1907  37     13       38
  AVERAGE         58                 48     10       51

PRECIPITATION (IN)
  YESTERDAY        0.00   1.16 1929   0.08  -0.08     0.00
  MONTH TO DATE    0.68               1.54  -0.86     0.68
  SINCE MAR 1      0.78               2.53  -1.75     1.81
  SINCE JAN 1      1.33               3.30  -1.97     2.32

SNOWFALL (IN)
  YESTERDAY        0.0    8.0  1929   0.2   -0.2      0.0
  MONTH TO DATE    T                  7.6   -7.6      7.8
  SINCE MAR 1      1.4               19.4  -18.0     22.2
  SINCE JUL 1     37.1               46.1   -9.0     72.3
  SNOW DEPTH       0

DEGREE DAYS
 HEATING
  YESTERDAY        7                 17    -10       14
  MONTH TO DATE  423                509    -86      485
  SINCE MAR 1   1048               1417   -369     1505
  SINCE JUL 1   5744               6371   -627     6853

 COOLING
  YESTERDAY        0                  0      0        0
  MONTH TO DATE    0                  0      0        0
  SINCE MAR 1      6                  0      6        0
  SINCE JAN 1      6                  0      6        0
...........................................................


WIND (MPH)
  HIGHEST GUST SPEED    23   HIGHEST GUST DIRECTION    NW (330)



WEATHER CONDITIONS
 THE FOLLOWING WEATHER WAS RECORDED YESTERDAY.
  NO SIGNIFICANT WEATHER WAS OBSERVED.


..........................................................


THE EAST RAPID CITY SD CLIMATE NORMALS FOR TODAY
                         NORMAL    RECORD    YEAR
 MAXIMUM TEMPERATURE (F)   59        85      1901
 MINIMUM TEMPERATURE (F)   38        21      1950


SUNRISE AND SUNSET
APRIL 25 2015.........SUNRISE   554 AM MDT   SUNSET   749 PM MDT
APRIL 26 2015.........SUNRISE   552 AM MDT   SUNSET   750 PM MDT


-  INDICATES NEGATIVE NUMBERS.
R  INDICATES RECORD WAS SET OR TIED.
MM INDICATES DATA IS MISSING.
T  INDICATES TRACE AMOUNT.




$$
