000
CDUS43 KUNR 020833
CLIUNR


CLIMATE REPORT
NATIONAL WEATHER SERVICE RAPID CITY SD
231 AM MDT SAT MAY 2 2015


...................................

...THE EAST RAPID CITY SD CLIMATE SUMMARY FOR MAY 1 2015...

CLIMATE NORMAL PERIOD 1981 TO 2010
CLIMATE RECORD PERIOD 1888 TO 2015


WEATHER ITEM   OBSERVED RECORD YEAR NORMAL DEPARTURE LAST
                VALUE   VALUE       VALUE  FROM      YEAR
                                           NORMAL
...........................................................
TEMPERATURE (F)
 YESTERDAY
  MAXIMUM         73     89    1901  61     12       57
  MINIMUM         43     19    1909  40      3       41
  AVERAGE         58                 51      7       49

PRECIPITATION (IN)
  YESTERDAY        0.00   1.90 1946   0.12  -0.12      T
  MONTH TO DATE    0.00               0.12  -0.12      T
  SINCE MAR 1      1.05               3.21  -2.16     2.81
  SINCE JAN 1      1.60               3.98  -2.38     3.32

SNOWFALL (IN)
  YESTERDAY        0.0    4.0  1967   0.2   -0.2      0.0
  MONTH TO DATE    0.0                0.2   -0.2      0.0
  SINCE MAR 1      1.4               20.8  -19.4     22.8
  SINCE JUL 1     37.1               47.5  -10.4     72.9
  SNOW DEPTH       0

DEGREE DAYS
 HEATING
  YESTERDAY        7                 14     -7       16
  MONTH TO DATE    7                 14     -7       16
  SINCE MAR 1   1146               1526   -380     1641
  SINCE JUL 1   5842               6480   -638     6989

 COOLING
  YESTERDAY        0                  0      0        0
  MONTH TO DATE    0                  0      0        0
  SINCE MAR 1      6                  1      5        0
  SINCE JAN 1      6                  1      5        0
...........................................................


WIND (MPH)
  HIGHEST GUST SPEED    21   HIGHEST GUST DIRECTION     E (100)



WEATHER CONDITIONS
 THE FOLLOWING WEATHER WAS RECORDED YESTERDAY.
  NO SIGNIFICANT WEATHER WAS OBSERVED.


..........................................................


THE EAST RAPID CITY SD CLIMATE NORMALS FOR TODAY
                         NORMAL    RECORD    YEAR
 MAXIMUM TEMPERATURE (F)   62        84      1949
 MINIMUM TEMPERATURE (F)   40        24      1954


SUNRISE AND SUNSET
MAY  2 2015...........SUNRISE   543 AM MDT   SUNSET   757 PM MDT
MAY  3 2015...........SUNRISE   542 AM MDT   SUNSET   758 PM MDT


-  INDICATES NEGATIVE NUMBERS.
R  INDICATES RECORD WAS SET OR TIED.
MM INDICATES DATA IS MISSING.
T  INDICATES TRACE AMOUNT.




$$
