000
CDUS43 KUNR 170831
CLIUNR


CLIMATE REPORT
NATIONAL WEATHER SERVICE RAPID CITY SD
231 AM MDT FRI APR 17 2015


...................................

...THE EAST RAPID CITY SD CLIMATE SUMMARY FOR APRIL 16 2015...

CLIMATE NORMAL PERIOD 1981 TO 2010
CLIMATE RECORD PERIOD 1888 TO 2015


WEATHER ITEM   OBSERVED RECORD YEAR NORMAL DEPARTURE LAST
                VALUE   VALUE       VALUE  FROM      YEAR
                                           NORMAL
...........................................................
TEMPERATURE (F)
 YESTERDAY
  MAXIMUM         54     84    1958  56     -2       44
  MINIMUM         43     13    1907  34      9       29
  AVERAGE         49                 45      4       37

PRECIPITATION (IN)
  YESTERDAY        0.00   1.00 1960   0.08  -0.08      T
  MONTH TO DATE    0.19               0.92  -0.73     0.68
  SINCE MAR 1      0.29               1.91  -1.62     1.81
  SINCE JAN 1      0.84               2.68  -1.84     2.32

SNOWFALL (IN)
  YESTERDAY        0.0    8.0  1960   0.3   -0.3       T
  MONTH TO DATE    T                  5.6   -5.6      7.8
  SINCE MAR 1      1.4               17.4  -16.0     22.2
  SINCE JUL 1     37.1               44.1   -7.0     72.3
  SNOW DEPTH       0

DEGREE DAYS
 HEATING
  YESTERDAY       16                 20     -4       28
  MONTH TO DATE  287                362    -75      388
  SINCE MAR 1    912               1270   -358     1408
  SINCE JUL 1   5608               6224   -616     6756

 COOLING
  YESTERDAY        0                  0      0        0
  MONTH TO DATE    0                  0      0        0
  SINCE MAR 1      6                  0      6        0
  SINCE JAN 1      6                  0      6        0
...........................................................


WIND (MPH)
  HIGHEST GUST SPEED    37   HIGHEST GUST DIRECTION     N (360)



WEATHER CONDITIONS
 THE FOLLOWING WEATHER WAS RECORDED YESTERDAY.
  NO SIGNIFICANT WEATHER WAS OBSERVED.


..........................................................


THE EAST RAPID CITY SD CLIMATE NORMALS FOR TODAY
                         NORMAL    RECORD    YEAR
 MAXIMUM TEMPERATURE (F)   56        86      2005
 MINIMUM TEMPERATURE (F)   34        20      2001
                                             1953


SUNRISE AND SUNSET
APRIL 17 2015.........SUNRISE   607 AM MDT   SUNSET   739 PM MDT
APRIL 18 2015.........SUNRISE   605 AM MDT   SUNSET   740 PM MDT


-  INDICATES NEGATIVE NUMBERS.
R  INDICATES RECORD WAS SET OR TIED.
MM INDICATES DATA IS MISSING.
T  INDICATES TRACE AMOUNT.




$$
