000
CDUS43 KUNR 240832
CLIUNR


CLIMATE REPORT
NATIONAL WEATHER SERVICE RAPID CITY SD
231 AM MDT FRI APR 24 2015


...................................

...THE EAST RAPID CITY SD CLIMATE SUMMARY FOR APRIL 23 2015...

CLIMATE NORMAL PERIOD 1981 TO 2010
CLIMATE RECORD PERIOD 1888 TO 2015


WEATHER ITEM   OBSERVED RECORD YEAR NORMAL DEPARTURE LAST
                VALUE   VALUE       VALUE  FROM      YEAR
                                           NORMAL
...........................................................
TEMPERATURE (F)
 YESTERDAY
  MAXIMUM         67     85    1906  58      9       66
  MINIMUM         32     16    1902  37     -5       42
  AVERAGE         50                 48      2       54

PRECIPITATION (IN)
  YESTERDAY        0.17   1.63 1932   0.08   0.09      T
  MONTH TO DATE    0.68               1.46  -0.78     0.68
  SINCE MAR 1      0.78               2.45  -1.67     1.81
  SINCE JAN 1      1.33               3.22  -1.89     2.32

SNOWFALL (IN)
  YESTERDAY        0.0   12.0  1958   0.2   -0.2      0.0
  MONTH TO DATE    T                  7.4   -7.4      7.8
  SINCE MAR 1      1.4               19.2  -17.8     22.2
  SINCE JUL 1     37.1               45.9   -8.8     72.3
  SNOW DEPTH       0

DEGREE DAYS
 HEATING
  YESTERDAY       15                 17     -2       11
  MONTH TO DATE  416                492    -76      471
  SINCE MAR 1   1041               1400   -359     1491
  SINCE JUL 1   5737               6354   -617     6839

 COOLING
  YESTERDAY        0                  0      0        0
  MONTH TO DATE    0                  0      0        0
  SINCE MAR 1      6                  0      6        0
  SINCE JAN 1      6                  0      6        0
...........................................................


WIND (MPH)
  HIGHEST GUST SPEED    31   HIGHEST GUST DIRECTION    SE (140)



WEATHER CONDITIONS
 THE FOLLOWING WEATHER WAS RECORDED YESTERDAY.
  THUNDERSTORM
  LIGHT RAIN
  HAIL


..........................................................


THE EAST RAPID CITY SD CLIMATE NORMALS FOR TODAY
                         NORMAL    RECORD    YEAR
 MAXIMUM TEMPERATURE (F)   59        88      1962
 MINIMUM TEMPERATURE (F)   37        23      1907


SUNRISE AND SUNSET
APRIL 24 2015.........SUNRISE   555 AM MDT   SUNSET   748 PM MDT
APRIL 25 2015.........SUNRISE   554 AM MDT   SUNSET   749 PM MDT


-  INDICATES NEGATIVE NUMBERS.
R  INDICATES RECORD WAS SET OR TIED.
MM INDICATES DATA IS MISSING.
T  INDICATES TRACE AMOUNT.




$$
