000
CDUS43 KUNR 141852
CLIUNR


CLIMATE REPORT
NATIONAL WEATHER SERVICE RAPID CITY SD
1248 PM MDT TUE APR 14 2015


...................................

...THE EAST RAPID CITY SD CLIMATE SUMMARY FOR APRIL 14 2015...
VALID AS OF 1100 AM LOCAL TIME.

CLIMATE NORMAL PERIOD 1981 TO 2010
CLIMATE RECORD PERIOD 1888 TO 2015


WEATHER ITEM   OBSERVED RECORD YEAR NORMAL DEPARTURE LAST
                VALUE   VALUE       VALUE  FROM      YEAR
                                           NORMAL
...........................................................
TEMPERATURE (F)
 TODAY
  MAXIMUM         74     85    1942  55     19       41
  MINIMUM         38     14    1928  33      5       22
  AVERAGE         56                 44     12       32

PRECIPITATION (IN)
  TODAY            0.00   0.99 1927   0.06  -0.06     0.00
  MONTH TO DATE    0.16               0.77  -0.61     0.65
  SINCE MAR 1      0.26               1.76  -1.50     1.78
  SINCE JAN 1      0.81               2.53  -1.72     2.29

SNOWFALL (IN)
  TODAY            0.0    9.8  1927   0.4   -0.4      0.0
  MONTH TO DATE    T                  5.0   -5.0      7.8
  SINCE MAR 1      1.4               16.8  -15.4     22.2
  SINCE JUL 1     37.1               43.5   -6.4     72.3
  SNOW DEPTH       0

DEGREE DAYS
 HEATING
  TODAY            9                 21    -12       33
  MONTH TO DATE  258                322    -64      337
  SINCE MAR 1    883               1230   -347     1357
  SINCE JUL 1   5579               6184   -605     6705

 COOLING
  TODAY            0                  0      0        0
  MONTH TO DATE    0                  0      0        0
  SINCE MAR 1      6                  0      6        0
  SINCE JAN 1      6                  0      6        0
...........................................................





WEATHER CONDITIONS
 THE FOLLOWING WEATHER WAS RECORDED TODAY.
  NO SIGNIFICANT WEATHER WAS OBSERVED.


..........................................................


THE EAST RAPID CITY SD CLIMATE NORMALS FOR TOMORROW
                         NORMAL    RECORD    YEAR
 MAXIMUM TEMPERATURE (F)   56        84      2008
                                             1913
 MINIMUM TEMPERATURE (F)   34        17      2000


SUNRISE AND SUNSET
APRIL 14 2015.........SUNRISE   612 AM MDT   SUNSET   735 PM MDT
APRIL 15 2015.........SUNRISE   610 AM MDT   SUNSET   737 PM MDT


-  INDICATES NEGATIVE NUMBERS.
R  INDICATES RECORD WAS SET OR TIED.
MM INDICATES DATA IS MISSING.
T  INDICATES TRACE AMOUNT.




$$
