000
CDUS43 KUNR 230039
CLIUNR


CLIMATE REPORT
NATIONAL WEATHER SERVICE RAPID CITY SD
638 PM MDT WED APR 22 2015


...................................

...THE EAST RAPID CITY SD CLIMATE SUMMARY FOR APRIL 22 2015...
VALID TODAY AS OF 0500 PM LOCAL TIME.

CLIMATE NORMAL PERIOD 1981 TO 2010
CLIMATE RECORD PERIOD 1888 TO 2015


WEATHER ITEM   OBSERVED RECORD YEAR NORMAL DEPARTURE LAST
                VALUE   VALUE       VALUE  FROM      YEAR
                                           NORMAL
...........................................................
TEMPERATURE (F)
 TODAY
  MAXIMUM         61     85    1939  58      3       77
  MINIMUM         27     17    1967  36     -9       37
  AVERAGE         44                 47     -3       57

PRECIPITATION (IN)
  TODAY            0.00   1.25 2001   0.08  -0.08     0.00
  MONTH TO DATE    0.51               1.38  -0.87     0.68
  SINCE MAR 1      0.61               2.37  -1.76     1.81
  SINCE JAN 1      1.16               3.14  -1.98     2.32

SNOWFALL (IN)
  TODAY            0.0   19.2  2001   0.3   -0.3      0.0
  MONTH TO DATE    T                  7.2   -7.2      7.8
  SINCE MAR 1      1.4               19.0  -17.6     22.2
  SINCE JUL 1     37.1               45.7   -8.6     72.3
  SNOW DEPTH       0

DEGREE DAYS
 HEATING
  TODAY           21                 18      3        8
  MONTH TO DATE  401                475    -74      460
  SINCE MAR 1   1026               1383   -357     1480
  SINCE JUL 1   5722               6337   -615     6828

 COOLING
  TODAY            0                  0      0        0
  MONTH TO DATE    0                  0      0        0
  SINCE MAR 1      6                  0      6        0
  SINCE JAN 1      6                  0      6        0
...........................................................





WEATHER CONDITIONS
 THE FOLLOWING WEATHER WAS RECORDED TODAY.
  NO SIGNIFICANT WEATHER WAS OBSERVED.


..........................................................


THE EAST RAPID CITY SD CLIMATE NORMALS FOR TOMORROW
                         NORMAL    RECORD    YEAR
 MAXIMUM TEMPERATURE (F)   58        85      1906
 MINIMUM TEMPERATURE (F)   37        16      1902


SUNRISE AND SUNSET
APRIL 22 2015.........SUNRISE   558 AM MDT   SUNSET   745 PM MDT
APRIL 23 2015.........SUNRISE   557 AM MDT   SUNSET   746 PM MDT


-  INDICATES NEGATIVE NUMBERS.
R  INDICATES RECORD WAS SET OR TIED.
MM INDICATES DATA IS MISSING.
T  INDICATES TRACE AMOUNT.




$$
