000
CDUS43 KUNR 010834
CLIUNR


CLIMATE REPORT
NATIONAL WEATHER SERVICE RAPID CITY SD
232 AM MDT FRI MAY 1 2015


...................................

...THE EAST RAPID CITY SD CLIMATE SUMMARY FOR APRIL 30 2015...

CLIMATE NORMAL PERIOD 1981 TO 2010
CLIMATE RECORD PERIOD 1888 TO 2015


WEATHER ITEM   OBSERVED RECORD YEAR NORMAL DEPARTURE LAST
                VALUE   VALUE       VALUE  FROM      YEAR
                                           NORMAL
...........................................................
TEMPERATURE (F)
 YESTERDAY
  MAXIMUM         66     89    1901  61      5       50
  MINIMUM         45     13    1950  40      5       34
  AVERAGE         56                 50      6       42

PRECIPITATION (IN)
  YESTERDAY        T      1.24 1895   0.10  -0.10     0.00
  MONTH TO DATE    0.95               2.10  -1.15     1.68
  SINCE MAR 1      1.05               3.09  -2.04     2.81
  SINCE JAN 1      1.60               3.86  -2.26     3.32

SNOWFALL (IN)
  YESTERDAY        0.0    5.0  1967   0.2   -0.2      0.0
  MONTH TO DATE    T                  8.8   -8.8      8.4
  SINCE MAR 1      1.4               20.6  -19.2     22.8
  SINCE JUL 1     37.1               47.3  -10.2     72.9
  SNOW DEPTH       0

DEGREE DAYS
 HEATING
  YESTERDAY        9                 15     -6       23
  MONTH TO DATE  514                604    -90      605
  SINCE MAR 1   1139               1512   -373     1625
  SINCE JUL 1   5835               6466   -631     6973

 COOLING
  YESTERDAY        0                  0      0        0
  MONTH TO DATE    0                  1     -1        0
  SINCE MAR 1      6                  1      5        0
  SINCE JAN 1      6                  1      5        0
...........................................................


WIND (MPH)
  HIGHEST GUST SPEED    46   HIGHEST GUST DIRECTION     N (350)



WEATHER CONDITIONS
 THE FOLLOWING WEATHER WAS RECORDED YESTERDAY.
  LIGHT RAIN


..........................................................


THE EAST RAPID CITY SD CLIMATE NORMALS FOR TODAY
                         NORMAL    RECORD    YEAR
 MAXIMUM TEMPERATURE (F)   61        89      1901
 MINIMUM TEMPERATURE (F)   40        19      1909


SUNRISE AND SUNSET
MAY  1 2015...........SUNRISE   545 AM MDT   SUNSET   756 PM MDT
MAY  2 2015...........SUNRISE   543 AM MDT   SUNSET   757 PM MDT


-  INDICATES NEGATIVE NUMBERS.
R  INDICATES RECORD WAS SET OR TIED.
MM INDICATES DATA IS MISSING.
T  INDICATES TRACE AMOUNT.




$$
