000
CDUS43 KUNR 201831
CLIUNR


CLIMATE REPORT
NATIONAL WEATHER SERVICE RAPID CITY SD
1231 PM MDT MON APR 20 2015


...................................

...THE EAST RAPID CITY SD CLIMATE SUMMARY FOR APRIL 20 2015...
VALID AS OF 1100 AM LOCAL TIME.

CLIMATE NORMAL PERIOD 1981 TO 2010
CLIMATE RECORD PERIOD 1888 TO 2015


WEATHER ITEM   OBSERVED RECORD YEAR NORMAL DEPARTURE LAST
                VALUE   VALUE       VALUE  FROM      YEAR
                                           NORMAL
...........................................................
TEMPERATURE (F)
 TODAY
  MAXIMUM         48     88    1910  57     -9       70
  MINIMUM         34     11    1927  36     -2       42
  AVERAGE         41                 46     -5       56

PRECIPITATION (IN)
  TODAY            0.00   1.10 1971   0.07  -0.07     0.00
  MONTH TO DATE    0.51               1.22  -0.71     0.68
  SINCE MAR 1      0.61               2.21  -1.60     1.81
  SINCE JAN 1      1.16               2.98  -1.82     2.32

SNOWFALL (IN)
  TODAY            0.0    3.4  2002   0.3   -0.3      0.0
  MONTH TO DATE    T                  6.7   -6.7      7.8
  SINCE MAR 1      1.4               18.5  -17.1     22.2
  SINCE JUL 1     37.1               45.2   -8.1     72.3
  SNOW DEPTH       0

DEGREE DAYS
 HEATING
  TODAY           24                 19      5        9
  MONTH TO DATE  363                439    -76      442
  SINCE MAR 1    988               1347   -359     1462
  SINCE JUL 1   5684               6301   -617     6810

 COOLING
  TODAY            0                  0      0        0
  MONTH TO DATE    0                  0      0        0
  SINCE MAR 1      6                  0      6        0
  SINCE JAN 1      6                  0      6        0
...........................................................





WEATHER CONDITIONS
 THE FOLLOWING WEATHER WAS RECORDED TODAY.
  NO SIGNIFICANT WEATHER WAS OBSERVED.


..........................................................


THE EAST RAPID CITY SD CLIMATE NORMALS FOR TOMORROW
                         NORMAL    RECORD    YEAR
 MAXIMUM TEMPERATURE (F)   58        86      1901
 MINIMUM TEMPERATURE (F)   36        12      1927


SUNRISE AND SUNSET
APRIL 20 2015.........SUNRISE   602 AM MDT   SUNSET   743 PM MDT
APRIL 21 2015.........SUNRISE   600 AM MDT   SUNSET   744 PM MDT


-  INDICATES NEGATIVE NUMBERS.
R  INDICATES RECORD WAS SET OR TIED.
MM INDICATES DATA IS MISSING.
T  INDICATES TRACE AMOUNT.




$$
