000
CDUS43 KUNR 280831
CLIUNR


CLIMATE REPORT
NATIONAL WEATHER SERVICE RAPID CITY SD
231 AM MDT TUE APR 28 2015


...................................

...THE EAST RAPID CITY SD CLIMATE SUMMARY FOR APRIL 27 2015...

CLIMATE NORMAL PERIOD 1981 TO 2010
CLIMATE RECORD PERIOD 1888 TO 2015


WEATHER ITEM   OBSERVED RECORD YEAR NORMAL DEPARTURE LAST
                VALUE   VALUE       VALUE  FROM      YEAR
                                           NORMAL
...........................................................
TEMPERATURE (F)
 YESTERDAY
  MAXIMUM         47     89    1910  60    -13       47
  MINIMUM         40     18    1956  38      2       32
  AVERAGE         44                 49     -5       40

PRECIPITATION (IN)
  YESTERDAY        0.12   1.87 1963   0.10   0.02     0.51
  MONTH TO DATE    0.95               1.81  -0.86     1.29
  SINCE MAR 1      1.05               2.80  -1.75     2.42
  SINCE JAN 1      1.60               3.57  -1.97     2.93

SNOWFALL (IN)
  YESTERDAY        0.0    5.0  1969   0.2   -0.2       T
  MONTH TO DATE    T                  8.2   -8.2      7.8
  SINCE MAR 1      1.4               20.0  -18.6     22.2
  SINCE JUL 1     37.1               46.7   -9.6     72.3
  SNOW DEPTH       0

DEGREE DAYS
 HEATING
  YESTERDAY       21                 16      5       25
  MONTH TO DATE  481                558    -77      526
  SINCE MAR 1   1106               1466   -360     1546
  SINCE JUL 1   5802               6420   -618     6894

 COOLING
  YESTERDAY        0                  0      0        0
  MONTH TO DATE    0                  0      0        0
  SINCE MAR 1      6                  0      6        0
  SINCE JAN 1      6                  0      6        0
...........................................................


WIND (MPH)
  HIGHEST GUST SPEED    30   HIGHEST GUST DIRECTION     N (360)



WEATHER CONDITIONS
 THE FOLLOWING WEATHER WAS RECORDED YESTERDAY.
  NO SIGNIFICANT WEATHER WAS OBSERVED.


..........................................................


THE EAST RAPID CITY SD CLIMATE NORMALS FOR TODAY
                         NORMAL    RECORD    YEAR
 MAXIMUM TEMPERATURE (F)   60        90      1910
 MINIMUM TEMPERATURE (F)   39        20      1956


SUNRISE AND SUNSET
APRIL 28 2015.........SUNRISE   549 AM MDT   SUNSET   752 PM MDT
APRIL 29 2015.........SUNRISE   548 AM MDT   SUNSET   754 PM MDT


-  INDICATES NEGATIVE NUMBERS.
R  INDICATES RECORD WAS SET OR TIED.
MM INDICATES DATA IS MISSING.
T  INDICATES TRACE AMOUNT.




$$
