000
CDUS43 KUNR 300831
CLIUNR


CLIMATE REPORT
NATIONAL WEATHER SERVICE RAPID CITY SD
230 AM MDT THU APR 30 2015


...................................

...THE EAST RAPID CITY SD CLIMATE SUMMARY FOR APRIL 29 2015...

CLIMATE NORMAL PERIOD 1981 TO 2010
CLIMATE RECORD PERIOD 1888 TO 2015


WEATHER ITEM   OBSERVED RECORD YEAR NORMAL DEPARTURE LAST
                VALUE   VALUE       VALUE  FROM      YEAR
                                           NORMAL
...........................................................
TEMPERATURE (F)
 YESTERDAY
  MAXIMUM         73     85    1926  61     12       37
  MINIMUM         39     12    1950  39      0       31
  AVERAGE         56                 50      6       34

PRECIPITATION (IN)
  YESTERDAY        0.00   0.88 1953   0.10  -0.10     0.19
  MONTH TO DATE    0.95               2.00  -1.05     1.68
  SINCE MAR 1      1.05               2.99  -1.94     2.81
  SINCE JAN 1      1.60               3.76  -2.16     3.32

SNOWFALL (IN)
  YESTERDAY        0.0    2.6  1950   0.2   -0.2      0.6
  MONTH TO DATE    T                  8.6   -8.6      8.4
  SINCE MAR 1      1.4               20.4  -19.0     22.8
  SINCE JUL 1     37.1               47.1  -10.0     72.9
  SNOW DEPTH       0

DEGREE DAYS
 HEATING
  YESTERDAY        9                 15     -6       31
  MONTH TO DATE  505                589    -84      582
  SINCE MAR 1   1130               1497   -367     1602
  SINCE JUL 1   5826               6451   -625     6950

 COOLING
  YESTERDAY        0                  0      0        0
  MONTH TO DATE    0                  0      0        0
  SINCE MAR 1      6                  0      6        0
  SINCE JAN 1      6                  0      6        0
...........................................................


WIND (MPH)
  HIGHEST GUST SPEED    29   HIGHEST GUST DIRECTION    SE (140)



WEATHER CONDITIONS
 THE FOLLOWING WEATHER WAS RECORDED YESTERDAY.
  NO SIGNIFICANT WEATHER WAS OBSERVED.


..........................................................


THE EAST RAPID CITY SD CLIMATE NORMALS FOR TODAY
                         NORMAL    RECORD    YEAR
 MAXIMUM TEMPERATURE (F)   61        89      1901
 MINIMUM TEMPERATURE (F)   40        13      1950


SUNRISE AND SUNSET
APRIL 30 2015.........SUNRISE   546 AM MDT   SUNSET   755 PM MDT
MAY  1 2015...........SUNRISE   545 AM MDT   SUNSET   756 PM MDT


-  INDICATES NEGATIVE NUMBERS.
R  INDICATES RECORD WAS SET OR TIED.
MM INDICATES DATA IS MISSING.
T  INDICATES TRACE AMOUNT.




$$
