000
CDUS43 KUNR 240835
CLIUNR


CLIMATE REPORT
NATIONAL WEATHER SERVICE RAPID CITY SD
232 AM MDT TUE MAR 24 2015


...................................

...THE EAST RAPID CITY SD CLIMATE SUMMARY FOR MARCH 23 2015...

CLIMATE NORMAL PERIOD 1981 TO 2010
CLIMATE RECORD PERIOD 1888 TO 2015


WEATHER ITEM   OBSERVED RECORD YEAR NORMAL DEPARTURE LAST
                VALUE   VALUE       VALUE  FROM      YEAR
                                           NORMAL
...........................................................
TEMPERATURE (F)
 YESTERDAY
  MAXIMUM         63     78    1939  49     14       35
  MINIMUM         32     -4    1965  27      5        7
  AVERAGE         48                 38     10       21

PRECIPITATION (IN)
  YESTERDAY        0.01   0.98 1937   0.04  -0.03     0.01
  MONTH TO DATE    0.10               0.64  -0.54     0.90
  SINCE MAR 1      0.10               0.64  -0.54     0.90
  SINCE JAN 1      0.65               1.41  -0.76     1.41

SNOWFALL (IN)
  YESTERDAY        0.0    6.5  2009   0.4   -0.4      0.2
  MONTH TO DATE    1.4                8.6   -7.2     11.6
  SINCE MAR 1      1.4                8.6   -7.2     11.6
  SINCE JUL 1     37.1               35.3    1.8     61.7
  SNOW DEPTH       0

DEGREE DAYS
 HEATING
  YESTERDAY       17                 27    -10       44
  MONTH TO DATE  509                699   -190      774
  SINCE MAR 1    509                699   -190      774
  SINCE JUL 1   5205               5653   -448     6122

 COOLING
  YESTERDAY        0                  0      0        0
  MONTH TO DATE    6                  0      6        0
  SINCE MAR 1      6                  0      6        0
  SINCE JAN 1      6                  0      6        0
...........................................................


WIND (MPH)
  HIGHEST GUST SPEED    35   HIGHEST GUST DIRECTION     S (190)



WEATHER CONDITIONS
 THE FOLLOWING WEATHER WAS RECORDED YESTERDAY.
  LIGHT RAIN


..........................................................


THE EAST RAPID CITY SD CLIMATE NORMALS FOR TODAY
                         NORMAL    RECORD    YEAR
 MAXIMUM TEMPERATURE (F)   49        77      1939
 MINIMUM TEMPERATURE (F)   27        -3      1965


SUNRISE AND SUNSET
MARCH 24 2015.........SUNRISE   649 AM MDT   SUNSET   710 PM MDT
MARCH 25 2015.........SUNRISE   647 AM MDT   SUNSET   711 PM MDT


-  INDICATES NEGATIVE NUMBERS.
R  INDICATES RECORD WAS SET OR TIED.
MM INDICATES DATA IS MISSING.
T  INDICATES TRACE AMOUNT.




$$
