000
CDUS43 KUNR 120036
CLIUNR


CLIMATE REPORT
NATIONAL WEATHER SERVICE RAPID CITY SD
636 PM MDT SAT APR 11 2015


...................................

...THE EAST RAPID CITY SD CLIMATE SUMMARY FOR APRIL 11 2015...
VALID TODAY AS OF 0500 PM LOCAL TIME.

CLIMATE NORMAL PERIOD 1981 TO 2010
CLIMATE RECORD PERIOD 1888 TO 2015


WEATHER ITEM   OBSERVED RECORD YEAR NORMAL DEPARTURE LAST
                VALUE   VALUE       VALUE  FROM      YEAR
                                           NORMAL
...........................................................
TEMPERATURE (F)
 TODAY
  MAXIMUM         76     80    1968  54     22       72
  MINIMUM         42      7    1940  32     10       43
  AVERAGE         59                 43     16       58

PRECIPITATION (IN)
  TODAY            0.00   0.87 1889   0.07  -0.07     0.00
  MONTH TO DATE    0.16               0.57  -0.41     0.61
  SINCE MAR 1      0.26               1.56  -1.30     1.74
  SINCE JAN 1      0.81               2.33  -1.52     2.25

SNOWFALL (IN)
  TODAY            0.0    7.0  1996   0.4   -0.4      0.0
  MONTH TO DATE    T                  3.9   -3.9      7.6
  SINCE MAR 1      1.4               15.7  -14.3     22.0
  SINCE JUL 1     37.1               42.4   -5.3     72.1
  SNOW DEPTH       0

DEGREE DAYS
 HEATING
  TODAY            6                 22    -16        7
  MONTH TO DATE  222                258    -36      247
  SINCE MAR 1    847               1166   -319     1267
  SINCE JUL 1   5543               6120   -577     6615

 COOLING
  TODAY            0                  0      0        0
  MONTH TO DATE    0                  0      0        0
  SINCE MAR 1      6                  0      6        0
  SINCE JAN 1      6                  0      6        0
...........................................................





WEATHER CONDITIONS
 THE FOLLOWING WEATHER WAS RECORDED TODAY.
  NO SIGNIFICANT WEATHER WAS OBSERVED.


..........................................................


THE EAST RAPID CITY SD CLIMATE NORMALS FOR TOMORROW
                         NORMAL    RECORD    YEAR
 MAXIMUM TEMPERATURE (F)   54        83      2003
 MINIMUM TEMPERATURE (F)   33         7      1940


SUNRISE AND SUNSET
APRIL 11 2015.........SUNRISE   617 AM MDT   SUNSET   732 PM MDT
APRIL 12 2015.........SUNRISE   615 AM MDT   SUNSET   733 PM MDT


-  INDICATES NEGATIVE NUMBERS.
R  INDICATES RECORD WAS SET OR TIED.
MM INDICATES DATA IS MISSING.
T  INDICATES TRACE AMOUNT.




$$
