000
CDUS43 KUNR 130831
CLIUNR


CLIMATE REPORT
NATIONAL WEATHER SERVICE RAPID CITY SD
230 AM MDT MON APR 13 2015


...................................

...THE EAST RAPID CITY SD CLIMATE SUMMARY FOR APRIL 12 2015...

CLIMATE NORMAL PERIOD 1981 TO 2010
CLIMATE RECORD PERIOD 1888 TO 2015


WEATHER ITEM   OBSERVED RECORD YEAR NORMAL DEPARTURE LAST
                VALUE   VALUE       VALUE  FROM      YEAR
                                           NORMAL
...........................................................
TEMPERATURE (F)
 YESTERDAY
  MAXIMUM         67     83    2003  54     13       57
  MINIMUM         37      7    1940  33      4       33
  AVERAGE         52                 44      8       45

PRECIPITATION (IN)
  YESTERDAY        T      1.21 1927   0.07  -0.07     0.02
  MONTH TO DATE    0.16               0.64  -0.48     0.63
  SINCE MAR 1      0.26               1.63  -1.37     1.76
  SINCE JAN 1      0.81               2.40  -1.59     2.27

SNOWFALL (IN)
  YESTERDAY        0.0   11.0  1927   0.4   -0.4       T
  MONTH TO DATE    T                  4.3   -4.3      7.6
  SINCE MAR 1      1.4               16.1  -14.7     22.0
  SINCE JUL 1     37.1               42.8   -5.7     72.1
  SNOW DEPTH       0

DEGREE DAYS
 HEATING
  YESTERDAY       13                 22     -9       20
  MONTH TO DATE  235                280    -45      267
  SINCE MAR 1    860               1188   -328     1287
  SINCE JUL 1   5556               6142   -586     6635

 COOLING
  YESTERDAY        0                  0      0        0
  MONTH TO DATE    0                  0      0        0
  SINCE MAR 1      6                  0      6        0
  SINCE JAN 1      6                  0      6        0
...........................................................


WIND (MPH)
  HIGHEST GUST SPEED    44   HIGHEST GUST DIRECTION    NW (320)



WEATHER CONDITIONS
 THE FOLLOWING WEATHER WAS RECORDED YESTERDAY.
  LIGHT RAIN


..........................................................


THE EAST RAPID CITY SD CLIMATE NORMALS FOR TODAY
                         NORMAL    RECORD    YEAR
 MAXIMUM TEMPERATURE (F)   55        83      2003
                                             1908
 MINIMUM TEMPERATURE (F)   33        17      1997


SUNRISE AND SUNSET
APRIL 13 2015.........SUNRISE   613 AM MDT   SUNSET   734 PM MDT
APRIL 14 2015.........SUNRISE   612 AM MDT   SUNSET   735 PM MDT


-  INDICATES NEGATIVE NUMBERS.
R  INDICATES RECORD WAS SET OR TIED.
MM INDICATES DATA IS MISSING.
T  INDICATES TRACE AMOUNT.




$$
