000
CXUS54 KSJT 260900
CF6ABI
PRELIMINARY LOCAL CLIMATOLOGICAL DATA (WS FORM: F-6)

                                          STATION:   ABILENE
                                          MONTH:     APRIL
                                          YEAR:      2015
                                          LATITUDE:   32 25 N
                                          LONGITUDE:  99 41 W

  TEMPERATURE IN F:       :PCPN:    SNOW:  WIND      :SUNSHINE: SKY     :PK WND
================================================================================
1   2   3   4   5  6A  6B    7    8   9   10  11  12  13   14  15   16   17  18
                                     12Z  AVG MX 2MIN
DY MAX MIN AVG DEP HDD CDD  WTR  SNW DPTH SPD SPD DIR MIN PSBL S-S WX    SPD DR
================================================================================

 1  86  65  76  15   0  11    T  0.0    0 13.2 26 150   M    M   3 8      33 210
 2  93  66  80  19   0  15 0.00  0.0    0 17.1 28 210   M    M   1        37 200
 3  74  53  64   3   1   0 0.00  0.0    0 18.0 33 340   M    M   1 8      39 340
 4  68  44  56  -6   9   0 0.04  0.0    0 10.1 18 150   M    M   3        22 170
 5  67  51  59  -3   6   0 0.00  0.0    0 11.0 18 160   M    M   8 1      24 150
 6  85  62  74  12   0   9 0.00  0.0    0 17.8 28 200   M    M   0        35 190
 7  91  66  79  17   0  14 0.00  0.0    0 14.0 25 210   M    M   2        35 180
 8  82  68  75  13   0  10 0.02  0.0    0 16.3 32 150   M    M   2        40 170
 9  86  64  75  12   0  10 0.00  0.0    0 13.7 28 200   M    M   0        37 200
10  74  48  61  -2   4   0 0.00  0.0    0 10.2 20  50   M    M   0        26  50
11  73  55  64   1   1   0 0.00  0.0    0 14.1 23 140   M    M   6        27 150
12  84  63  74  10   0   9 0.07  0.0    0 13.9 28 250   M    M   6 1      33 230
13  71  53  62  -2   3   0 0.34  0.0    0 10.4 22  40   M    M   5 1      30  30
14  63  48  56  -8   9   0    T  0.0    0 10.8 21 330   M    M   8 1      25 320
15  82  45  64   0   1   0 0.00  0.0    0 10.5 20 170   M    M   0        26 170
16  83  62  73   8   0   8    T  0.0    0 11.5 22 170   M    M   1        28 180
17  74  58  66   1   0   1 0.72  0.0    0  8.8 28 210   M    M   7 13     37 220
18  79  56  68   3   0   3 0.00  0.0    0  9.0 16 160   M    M   3 1      20 210
19  77  51  64  -2   1   0 0.00  0.0    0 13.9 25 330   M    M   0        32 320
20  72  44  58  -8   7   0 0.00  0.0    0  6.3 14 150   M    M   0        17 150
21  81  52  67   1   0   2 0.00  0.0    0 12.2 26 180   M    M   3        36 190
22  81  63  72   6   0   7    T  0.0    0 12.7 24 140   M    M   3        32 200
23  80  64  72   5   0   7    T  0.0    0 10.6 22 230   M    M   4        29 240
24  79  62  71   4   0   6 0.21  0.0    0  6.6 17 160   M    M   5 1      22 170
25  86  53  70   3   0   5 0.00  0.0    0 10.3 22 260   M    M   0        30 290
================================================================================
SM 1971 1416        42 117  1.40     0.0 303.0          M       71
================================================================================
AV 78.8 56.6                              12.1 FASTST   M    M   3    MAX(MPH)
                                 MISC ---->  # 33 340               # 40  170
================================================================================
NOTES:
# LAST OF SEVERAL OCCURRENCES

COLUMN 17 PEAK WIND IN M.P.H.

PRELIMINARY LOCAL CLIMATOLOGICAL DATA (WS FORM: F-6) , PAGE 2

                                          STATION:  ABILENE
                                          MONTH:    APRIL
                                          YEAR:     2015
                                          LATITUDE:   32 25 N
                                          LONGITUDE:  99 41 W

[TEMPERATURE DATA]      [PRECIPITATION DATA]       SYMBOLS USED IN COLUMN 16

AVERAGE MONTHLY: 67.7   TOTAL FOR MONTH:   1.40    1 = FOG OR MIST
DPTR FM NORMAL:   3.8   DPTR FM NORMAL:    0.12    2 = FOG REDUCING VISIBILITY
HIGHEST:    93 ON  2    GRTST 24HR  0.72 ON 17-17      TO 1/4 MILE OR LESS
LOWEST:     44 ON 20, 4                            3 = THUNDER
                        SNOW, ICE PELLETS, HAIL    4 = ICE PELLETS
                        TOTAL MONTH:   0.0 INCH    5 = HAIL
                        GRTST 24HR     0.0         6 = FREEZING RAIN OR DRIZZLE
                        GRTST DEPTH:   0           7 = DUSTSTORM OR SANDSTORM:
                                                       VSBY 1/2 MILE OR LESS
                                                   8 = SMOKE OR HAZE
[NO. OF DAYS WITH]      [WEATHER - DAYS WITH]      9 = BLOWING SNOW
                                                   X = TORNADO
MAX 32 OR BELOW:   0    0.01 INCH OR MORE:   6
MAX 90 OR ABOVE:   2    0.10 INCH OR MORE:   3
MIN 32 OR BELOW:   0    0.50 INCH OR MORE:   1
MIN  0 OR BELOW:   0    1.00 INCH OR MORE:   0

[HDD (BASE 65) ]
TOTAL THIS MO.    42    CLEAR  (SCALE 0-3)  17
DPTR FM NORMAL   -61    PTCLDY (SCALE 4-7)   7
TOTAL FM JUL 1  2445    CLOUDY (SCALE 8-10)  1
DPTR FM NORMAL   -89

[CDD (BASE 65) ]
TOTAL THIS MO.   117
DPTR FM NORMAL    43    [PRESSURE DATA]
TOTAL FM JAN 1   168    HIGHEST SLP M ON M
DPTR FM NORMAL    60    LOWEST  SLP 29.63 ON M

[REMARKS]
