000
CXUS53 KBIS 262033
CF6BIS
PRELIMINARY LOCAL CLIMATOLOGICAL DATA (WS FORM: F-6)

                                          STATION:   BISMARCK ND
                                          MONTH:     APRIL
                                          YEAR:      2015
                                          LATITUDE:   46 46 N
                                          LONGITUDE: 100 45 W

  TEMPERATURE IN F:       :PCPN:    SNOW:  WIND      :SUNSHINE: SKY     :PK WND
================================================================================
1   2   3   4   5  6A  6B    7    8   9   10  11  12  13   14  15   16   17  18
                                     12Z  AVG MX 2MIN
DY MAX MIN AVG DEP HDD CDD  WTR  SNW DPTH SPD SPD DIR MIN PSBL S-S WX    SPD DR
================================================================================

 1  64  38  51  14  14   0 0.00  0.0    0 15.1 35 320   M    M   1        45 290
 2  45  27  36  -2  29   0 0.00  0.0    0 18.0 43 280   M    M   5        54 290
 3  53  15  34  -4  31   0 0.00  0.0    0  8.1 25 320   M    M   2        32 290
 4  58  22  40   1  25   0 0.00  0.0    0  6.1 13  80   M    M   4        18 150
 5  49  28  39   0  26   0 0.00  0.0    0 17.5 24  60   M    M   6 8      33  90
 6  40  27  34  -6  31   0    T    T    0 15.0 24  70   M    M  10        29  90
 7  44  29  37  -3  28   0 0.09    T    0  7.5 22 100   M    M   8 1      26 100
 8  41  33  37  -4  28   0 0.01    T    0  7.7 17  60   M    M  10        22  50
 9  62  31  47   6  18   0    T    T    0 14.3 30 320   M    M   4 1      37 280
10  63  18  41  -1  24   0 0.00  0.0    0  4.8 13 360   M    M   0        15 360
11  77  36  57  15   8   0 0.00  0.0    0  7.5 18 200   M    M   0        25 220
12  60  39  50   8  15   0    T  0.0    0 13.9 30 320   M    M   4        38 290
13  63  24  44   1  21   0 0.00  0.0    0 11.1 28 280   M    M   0        36 280
14  82  33  58  15   7   0 0.00  0.0    0 20.1 38 150   M    M   0        48 130
15  75  47  61  17   4   0 0.00  0.0    0 19.4 35 160   M    M   1        43 170
16  66  34  50   6  15   0 0.00  0.0    0  8.6 20 350   M    M   3        25  10
17  73  24  49   4  16   0 0.00  0.0    0  5.1 16 320   M    M   0        21 320
18  63  34  49   4  16   0 0.09  0.0    0  6.9 24 340   M    M   6 1      34 330
19  51  37  44  -2  21   0 0.08  0.0    0 19.2 38 340   M    M   7 1      48 350
20  54  31  43  -3  22   0 0.00  0.0    0 19.0 37 320   M    M   0        50 320
21  49  22  36 -10  29   0    T  0.2    0 11.3 24 350   M    M   4 1      31 350
22  56  17  37 -10  28   0 0.00  0.0    0  3.9 13  50   M    M   0        17 320
23  59  19  39  -8  26   0    T    M    0 13.3 23 100   M    M   4        32 120
24  68  32  50   2  15   0 0.00  0.0    0 10.2 17  80   M    M   0        23  90
25  50  41  46  -2  19   0 0.00  0.0    0 11.3 20 100   M    M   9 1      23 110
================================================================================
SM 1465  738       516   0  0.27     0.2 294.9          M       88
================================================================================
AV 58.6 29.5                              11.8 FASTST   M    M   4    MAX(MPH)
                                 MISC ---->  # 43 280               # 54  290
================================================================================
NOTES:
# LAST OF SEVERAL OCCURRENCES

COLUMN 17 PEAK WIND IN M.P.H.

PRELIMINARY LOCAL CLIMATOLOGICAL DATA (WS FORM: F-6) , PAGE 2

                                          STATION:  BISMARCK ND
                                          MONTH:    APRIL
                                          YEAR:     2015
                                          LATITUDE:   46 46 N
                                          LONGITUDE: 100 45 W

[TEMPERATURE DATA]      [PRECIPITATION DATA]       SYMBOLS USED IN COLUMN 16

AVERAGE MONTHLY: 44.1   TOTAL FOR MONTH:   0.27    1 = FOG OR MIST
DPTR FM NORMAL:   1.2   DPTR FM NORMAL:   -0.71    2 = FOG REDUCING VISIBILITY
HIGHEST:    82 ON 14    GRTST 24HR  0.17 ON 18-19      TO 1/4 MILE OR LESS
LOWEST:     15 ON  3                               3 = THUNDER
                        SNOW, ICE PELLETS, HAIL    4 = ICE PELLETS
                        TOTAL MONTH:   0.2 INCH    5 = HAIL
                        GRTST 24HR   0.2 ON   M    6 = FREEZING RAIN OR DRIZZLE
                        GRTST DEPTH:   0           7 = DUSTSTORM OR SANDSTORM:
                                                       VSBY 1/2 MILE OR LESS
                                                   8 = SMOKE OR HAZE
[NO. OF DAYS WITH]      [WEATHER - DAYS WITH]      9 = BLOWING SNOW
                                                   X = TORNADO
MAX 32 OR BELOW:   0    0.01 INCH OR MORE:   4
MAX 90 OR ABOVE:   0    0.10 INCH OR MORE:   0
MIN 32 OR BELOW:  15    0.50 INCH OR MORE:   0
MIN  0 OR BELOW:   0    1.00 INCH OR MORE:   0

[HDD (BASE 65) ]
TOTAL THIS MO.   516    CLEAR  (SCALE 0-3)  12
DPTR FM NORMAL   -41    PTCLDY (SCALE 4-7)   9
TOTAL FM JUL 1  7766    CLOUDY (SCALE 8-10)  4
DPTR FM NORMAL  -310

[CDD (BASE 65) ]
TOTAL THIS MO.     0
DPTR FM NORMAL     0    [PRESSURE DATA]
TOTAL FM JAN 1     0    HIGHEST SLP M ON M
DPTR FM NORMAL     0    LOWEST  SLP 29.35 ON  1

[REMARKS]
