000
CXUS53 KILX 242300
CF6CMI
PRELIMINARY LOCAL CLIMATOLOGICAL DATA (WS FORM: F-6)

                                          STATION:   CHAMPAIGN IL AIRPORT
                                          MONTH:     APRIL
                                          YEAR:      2015
                                          LATITUDE:   40  1 N
                                          LONGITUDE:  88 17 W

  TEMPERATURE IN F:       :PCPN:    SNOW:  WIND      :SUNSHINE: SKY     :PK WND
================================================================================
1   2   3   4   5  6A  6B    7    8   9   10  11  12  13   14  15   16   17  18
                                     12Z  AVG MX 2MIN
DY MAX MIN AVG DEP HDD CDD  WTR  SNW DPTH SPD SPD DIR MIN PSBL S-S WX    SPD DR
================================================================================

 1  74  34  54   7  11   0 0.00    M    M 13.2 22 160   M    M   0        27 160
 2  75  51  63  16   2   0 0.01    M    M 14.4 30 240   M    M   5 3      36 240
 3  59  32  46  -1  19   0 0.10    M    M 13.7 31 340   M    M   5 8      40 330
 4  60  24  42  -6  23   0 0.00    M    M 11.2 22 240   M    M   0        27 230
 5  67  33  50   2  15   0 0.00    M    M 14.0 24 190   M    M   1        30 210
 6  64  50  57   9   8   0 0.03    M    M 10.8 18 170   M    M  10 18     23 160
 7  66  55  61  12   4   0 0.02    M    M  8.0 18  80   M    M  10 128    22  80
 8  76  55  66  17   0   1 0.50    M    M 12.7 46 340   M    M   4 135    52 340
 9  77  51  64  15   1   0 1.06    M    M 20.1 36 200   M    M   6 13     44 200
10  66  39  53   3  12   0 0.00    M    M 20.8 37 260   M    M   3        43 260
11  63  33  48  -2  17   0 0.00    M    M  6.4 12 150   M    M   0        18 160
12  68  40  54   4  11   0 0.00    M    M 10.4 22 170   M    M   4        27 170
13  69  51  60   9   5   0 0.05    M    M 12.8 23 240   M    M   4 13     34 260
14  67  49  58   7   7   0 0.00  0.0    0 11.0 21  50   M    M   0        25  60
15  72  45  59   7   6   0    T    M    0 16.0 28  80   M    M   3        35  70
16  69  52  61   9   4   0 0.05  0.0    0  4.9 15 100   M    M   7 128    19 100
17  77  48  63  11   2   0 0.00  0.0    0  4.0 12 220   M    M   3 128    16 280
18  81  52  67  14   0   2 0.00  0.0    0  7.9 20 120   M    M   0 8      25 130
19  61  55  58   5   7   0 0.45  0.0    0 12.1 21 240   M    M   6 1      26 240
20  58  42  50  -3  15   0 0.01    M    M 19.9 33 270   M    M   9 1      40 270
21  63  37  50  -4  15   0 0.02    M    M 18.4 37 270   M    M   3        46 250
22  55  33  44 -10  21   0 0.08    M    M 17.0 32 280   M    M   4        41 260
23  59  29  44 -11  21   0 0.00  0.0    0  9.6 22 290   M    M   0        29 280
================================================================================
SM 1546  990       226   3  2.38     0.0 289.3          M       87
================================================================================
AV 67.2 43.0                              12.6 FASTST   M    M   4    MAX(MPH)
                                 MISC ---->  # 46 340               # 52  340
================================================================================
NOTES:
# LAST OF SEVERAL OCCURRENCES

COLUMN 17 PEAK WIND IN M.P.H.

PRELIMINARY LOCAL CLIMATOLOGICAL DATA (WS FORM: F-6) , PAGE 2

                                          STATION:  CHAMPAIGN IL AIRPORT
                                          MONTH:    APRIL
                                          YEAR:     2015
                                          LATITUDE:   40  1 N
                                          LONGITUDE:  88 17 W

[TEMPERATURE DATA]      [PRECIPITATION DATA]       SYMBOLS USED IN COLUMN 16

AVERAGE MONTHLY: 55.1   TOTAL FOR MONTH:   2.38    1 = FOG OR MIST
DPTR FM NORMAL:   4.6   DPTR FM NORMAL:   -0.39    2 = FOG REDUCING VISIBILITY
HIGHEST:    81 ON 18    GRTST 24HR  1.10 ON  8- 9      TO 1/4 MILE OR LESS
LOWEST:     24 ON  4                               3 = THUNDER
                        SNOW, ICE PELLETS, HAIL    4 = ICE PELLETS
                        TOTAL MONTH:   0.0 INCH    5 = HAIL
                        GRTST 24HR     0.0         6 = FREEZING RAIN OR DRIZZLE
                        GRTST DEPTH:   0           7 = DUSTSTORM OR SANDSTORM:
                                                       VSBY 1/2 MILE OR LESS
                                                   8 = SMOKE OR HAZE
[NO. OF DAYS WITH]      [WEATHER - DAYS WITH]      9 = BLOWING SNOW
                                                   X = TORNADO
MAX 32 OR BELOW:   0    0.01 INCH OR MORE:  12
MAX 90 OR ABOVE:   0    0.10 INCH OR MORE:   4
MIN 32 OR BELOW:   3    0.50 INCH OR MORE:   2
MIN  0 OR BELOW:   0    1.00 INCH OR MORE:   1

[HDD (BASE 65) ]
TOTAL THIS MO.   226    CLEAR  (SCALE 0-3)   9
DPTR FM NORMAL  -116    PTCLDY (SCALE 4-7)  11
TOTAL FM JUL 1  5970    CLOUDY (SCALE 8-10)  3
DPTR FM NORMAL   370

[CDD (BASE 65) ]
TOTAL THIS MO.     3
DPTR FM NORMAL     3    [PRESSURE DATA]
TOTAL FM JAN 1     3    HIGHEST SLP M ON M
DPTR FM NORMAL     2    LOWEST  SLP 29.35 ON 20

[REMARKS]
