000
CXUS53 KFGF 250915
CF6FAR
PRELIMINARY LOCAL CLIMATOLOGICAL DATA (WS FORM: F-6)

                                          STATION:   FARGO HECTOR INTL AP ND
                                          MONTH:     APRIL
                                          YEAR:      2015
                                          LATITUDE:   46 54 N
                                          LONGITUDE:  96 48 W

  TEMPERATURE IN F:       :PCPN:    SNOW:  WIND      :SUNSHINE: SKY     :PK WND
================================================================================
1   2   3   4   5  6A  6B    7    8   9   10  11  12  13   14  15   16   17  18
                                     12Z  AVG MX 2MIN
DY MAX MIN AVG DEP HDD CDD  WTR  SNW DPTH SPD SPD DIR MIN PSBL S-S WX    SPD DR
================================================================================

 1  73  41  57  21   8   0 0.00  0.0    0 18.4 32 300   M    M   0        43 310
 2  54  22  38   1  27   0 0.00  0.0    0 22.9 41 280   M    M   5        54 280
 3  43  16  30  -8  35   0 0.00  0.0    0  9.2 22 350   M    M   3        27 350
 4  48  18  33  -5  32   0 0.00  0.0    0  7.3 16  70   M    M   4        23  70
 5  47  24  36  -3  29   0 0.00  0.0    0 14.3 21  30   M    M   4        28  60
 6  45  31  38  -1  27   0 0.00  0.0    0 13.9 20  40   M    M   7        23  40
 7  41  35  38  -2  27   0 0.11    T    0  8.6 17 110   M    M  10 1      21 120
 8  48  34  41   1  24   0 0.00  0.0    0  8.1 16  10   M    M  10        20  20
 9  63  33  48   7  17   0 0.00  0.0    0 14.2 29 320   M    M   4        35 330
10  59  32  46   5  19   0    T    T    0 11.9 23 340   M    M   2 1      29 340
11  80  33  57  15   8   0 0.00  0.0    0 16.5 38 170   M    M   0 8      49 170
12  70  38  54  12  11   0 0.00  0.0    0 17.1 29 300   M    M   1        37 310
13  64  31  48   5  17   0 0.00  0.0    0 14.9 36 290   M    M   1        44 290
14  80  31  56  12   9   0 0.00  0.0    0 13.8 24 150   M    M   0        34 120
15  77  49  63  19   2   0 0.00  0.0    0 21.1 33 180   M    M   1        43 180
16  71  41  56  11   9   0    T  0.0    0 10.9 26 350   M    M   4        32 340
17  77  28  53   8  12   0 0.00  0.0    0  8.9 26  20   M    M   0        33  30
18  74  36  55   9  10   0 0.00  0.0    0 10.2 22 160   M    M   1        27 150
19  57  38  48   2  17   0 0.36    M    0 15.3 31 320   M    M  10 1      38 310
20  40  34  37 -10  28   0 0.04    T    0 20.3 36 330   M    M  10 1      44 330
21  44  31  38  -9  27   0    T    T    T 23.4 36 340   M    M   8 1      45 340
22  50  25  38 -10  27   0 0.00  0.0    0 15.6 28 340   M    M   0        37 350
23  53  15  34 -14  31   0 0.01  0.0    0  4.8 15  80   M    M   2        18  80
24  54  40  47  -2  18   0 0.25  0.0    0 16.1 28 140   M    M   9        34 130
================================================================================
SM 1412  756       471   0  0.77    T    337.7          M       96
================================================================================
AV 58.8 31.5                              14.1 FASTST   M    M   4    MAX(MPH)
                                 MISC ---->  # 41 280               # 54  280
================================================================================
NOTES:
# LAST OF SEVERAL OCCURRENCES

COLUMN 17 PEAK WIND IN M.P.H.

PRELIMINARY LOCAL CLIMATOLOGICAL DATA (WS FORM: F-6) , PAGE 2

                                          STATION:  FARGO HECTOR INTL AP ND
                                          MONTH:    APRIL
                                          YEAR:     2015
                                          LATITUDE:   46 54 N
                                          LONGITUDE:  96 48 W

[TEMPERATURE DATA]      [PRECIPITATION DATA]       SYMBOLS USED IN COLUMN 16

AVERAGE MONTHLY: 45.2   TOTAL FOR MONTH:   0.77    1 = FOG OR MIST
DPTR FM NORMAL:   2.5   DPTR FM NORMAL:   -0.23    2 = FOG REDUCING VISIBILITY
HIGHEST:    80 ON 14,11 GRTST 24HR  0.36 ON 19-19      TO 1/4 MILE OR LESS
LOWEST:     15 ON 23                               3 = THUNDER
                        SNOW, ICE PELLETS, HAIL    4 = ICE PELLETS
                        TOTAL MONTH:    T          5 = HAIL
                        GRTST 24HR    T  ON 21-21  6 = FREEZING RAIN OR DRIZZLE
                        GRTST DEPTH:   T           7 = DUSTSTORM OR SANDSTORM:
                                                       VSBY 1/2 MILE OR LESS
                                                   8 = SMOKE OR HAZE
[NO. OF DAYS WITH]      [WEATHER - DAYS WITH]      9 = BLOWING SNOW
                                                   X = TORNADO
MAX 32 OR BELOW:   0    0.01 INCH OR MORE:   5
MAX 90 OR ABOVE:   0    0.10 INCH OR MORE:   3
MIN 32 OR BELOW:  12    0.50 INCH OR MORE:   0
MIN  0 OR BELOW:   0    1.00 INCH OR MORE:   0

[HDD (BASE 65) ]
TOTAL THIS MO.   471    CLEAR  (SCALE 0-3)  11
DPTR FM NORMAL   -65    PTCLDY (SCALE 4-7)   8
TOTAL FM JUL 1  7854    CLOUDY (SCALE 8-10)  5
DPTR FM NORMAL  -512

[CDD (BASE 65) ]
TOTAL THIS MO.     0
DPTR FM NORMAL     0    [PRESSURE DATA]
TOTAL FM JAN 1     0    HIGHEST SLP M ON M
DPTR FM NORMAL     0    LOWEST  SLP 29.33 ON  1

[REMARKS]
