000
CXUS54 KOUN 190800
CF6FDR
PRELIMINARY LOCAL CLIMATOLOGICAL DATA (WS FORM: F-6)

                                          STATION:   FREDERICK MUNICIPAL
                                          MONTH:     APRIL
                                          YEAR:      2015
                                          LATITUDE:   34 21 N
                                          LONGITUDE:  98 59 W

  TEMPERATURE IN F:       :PCPN:    SNOW:  WIND      :SUNSHINE: SKY     :PK WND
================================================================================
1   2   3   4   5  6A  6B    7    8   9   10  11  12  13   14  15   16   17  18
                                     12Z  AVG MX 2MIN
DY MAX MIN AVG DEP HDD CDD  WTR  SNW DPTH SPD SPD DIR MIN PSBL S-S WX    SPD DR
================================================================================

 1  84  57  71  12   0   6 0.00  0.0    0 14.0 26 160   M    M   0 18     36 160
 2  85  60  73  14   0   8 0.00  0.0    0  9.3 18 210   M    M   0 18     24 200
 3  68  44  56  -3   9   0 0.00  0.0    0 17.5 32 360   M    M   0 8      41 360
 4  65  37  51  -9  14   0 0.00  0.0    0  8.7 14 150   M    M   0        20 130
 5  62  50  56  -4   9   0 0.01  0.0    0 14.3 23 160   M    M   9 18     27 150
 6  88  56  72  12   0   7 0.00  0.0    0 14.4 25 170   M    M   4 128    31 160
 7  89  58  74  14   0   9 0.00  0.0    0 14.7 24 160   M    M   0 18     29 180
 8  76  65  71  10   0   6 0.06  0.0    0 16.6 32 180   M    M   1 138    43 180
 9  78  55  67   6   0   2 0.00  0.0    0 14.1 26 320   M    M   0 18     32 320
10  70  40  55  -6  10   0 0.00  0.0    0  8.5 21  30   M    M   1        26  30
11  74  51  63   2   2   0 0.03  0.0    0 13.9 28 150   M    M   7 13     32 150
12  83  64  74  12   0   9 0.06  0.0    0 15.2 25 260   M    M   6 138    30 290
13  64  52  58  -4   7   0 0.64  0.0    0 18.5 31  60   M    M  10 13     40  60
14  57  50  54  -8  11   0 0.01  0.0    0  9.8 20  10   M    M  10 18     25  20
15  77  47  62   0   3   0 0.00  0.0    0  8.2 20 150   M    M   4 128    24 150
16  81  54  68   5   0   3 0.05  0.0    0 11.3 24 100   M    M   3 138    31 100
17  67  56  62  -1   3   0 0.33  0.0    0 11.3 24 130   M    M   7 123    30 130
18  77  54  66   3   0   1 0.28  0.0    0  8.6 36 130   M    M   5 138    49 140
================================================================================
SM 1345  950        68  51  1.47     0.0 228.9          M       67
================================================================================
AV 74.7 52.8                              12.7 FASTST   M    M   4    MAX(MPH)
                                 MISC ---->  # 36 130               # 49  140
================================================================================
NOTES:
# LAST OF SEVERAL OCCURRENCES

COLUMN 17 PEAK WIND IN M.P.H.

PRELIMINARY LOCAL CLIMATOLOGICAL DATA (WS FORM: F-6) , PAGE 2

                                          STATION:  FREDERICK MUNICIPAL
                                          MONTH:    APRIL
                                          YEAR:     2015
                                          LATITUDE:   34 21 N
                                          LONGITUDE:  98 59 W

[TEMPERATURE DATA]      [PRECIPITATION DATA]       SYMBOLS USED IN COLUMN 16

AVERAGE MONTHLY: 63.8   TOTAL FOR MONTH:   1.47    1 = FOG OR MIST
DPTR FM NORMAL:   2.8   DPTR FM NORMAL:    0.26    2 = FOG REDUCING VISIBILITY
HIGHEST:    89 ON  7    GRTST 24HR  1.11 ON 31- 1      TO 1/4 MILE OR LESS
LOWEST:     37 ON  4                               3 = THUNDER
                        SNOW, ICE PELLETS, HAIL    4 = ICE PELLETS
                        TOTAL MONTH:   0.0 INCH    5 = HAIL
                        GRTST 24HR     0.0         6 = FREEZING RAIN OR DRIZZLE
                        GRTST DEPTH:   0           7 = DUSTSTORM OR SANDSTORM:
                                                       VSBY 1/2 MILE OR LESS
                                                   8 = SMOKE OR HAZE
[NO. OF DAYS WITH]      [WEATHER - DAYS WITH]      9 = BLOWING SNOW
                                                   X = TORNADO
MAX 32 OR BELOW:   0    0.01 INCH OR MORE:   9
MAX 90 OR ABOVE:   0    0.10 INCH OR MORE:   3
MIN 32 OR BELOW:   0    0.50 INCH OR MORE:   1
MIN  0 OR BELOW:   0    1.00 INCH OR MORE:   0

[HDD (BASE 65) ]
TOTAL THIS MO.    68    CLEAR  (SCALE 0-3)   9
DPTR FM NORMAL   -32    PTCLDY (SCALE 4-7)   6
TOTAL FM JUL 1  2976    CLOUDY (SCALE 8-10)  3
DPTR FM NORMAL   -20

[CDD (BASE 65) ]
TOTAL THIS MO.    51
DPTR FM NORMAL    22    [PRESSURE DATA]
TOTAL FM JAN 1    63    HIGHEST SLP M ON M
DPTR FM NORMAL    16    LOWEST  SLP 29.59 ON  9

[REMARKS]
