000
CXUS52 KFFC 261110
CF6FTY
PRELIMINARY LOCAL CLIMATOLOGICAL DATA (WS FORM: F-6)

                                          STATION:   FULTON COUNTY AIRPORT
                                          MONTH:     APRIL
                                          YEAR:      2015
                                          LATITUDE:   33 46 N
                                          LONGITUDE:  84 31 W

  TEMPERATURE IN F:       :PCPN:    SNOW:  WIND      :SUNSHINE: SKY     :PK WND
================================================================================
1   2   3   4   5  6A  6B    7    8   9   10  11  12  13   14  15   16   17  18
                                     12Z  AVG MX 2MIN
DY MAX MIN AVG DEP HDD CDD  WTR  SNW DPTH SPD SPD DIR MIN PSBL S-S WX    SPD DR
================================================================================

 1  80  54  67   9   0   2 0.51    M    M  4.2 16 300   M    M   1 13     19 310
 2  76  51  64   6   1   0 0.19    M    M  4.2 20 250   M    M   7 13     29 250
 3  83  51  67   9   0   2    T    M    M  6.5 21 200   M    M   2 13     27 250
 4  71  46  59   1   6   0 0.20  0.0    0  8.7 18 330   M    M   3 13     28 320
 5  70  39  55  -4  10   0 0.00  0.0    0  5.3 16  80   M    M   0        25  80
 6  72  55  64   5   1   0 1.22  0.0    M  4.7 17 150   M    M   9 1      22 130
 7  81  62  72  13   0   7 0.01  0.0    M  3.3 10 200   M    M   6 12     14 200
 8  88  57  73  14   0   8 0.00  0.0    M  3.5 15 210   M    M   0 1      19 230
 9  85  62  74  15   0   9 0.00    M    M  5.4 16 180   M    M   2 18     24 220
10  76  63  70  10   0   5 1.12    M    M  6.0 22 320   M    M   6 13     27 320
11  78  54  66   6   0   1 0.00  0.0    M  4.8 13 300   M    M   0        17 280
12  71  48  60   0   5   0    T  0.0    0  5.3 14  90   M    M   6        20 110
13  73  64  69   9   0   4 0.47    M    M  4.5 12 120   M    M  10 18     16 160
14  82  66  74  13   0   9 0.19  0.0    M  6.5 15 270   M    M   8 13     22 280
15  77  56  67   6   0   2 0.54  0.0    M  7.6 17  70   M    M   9 1      22  80
16  57  53  55  -6  10   0 0.20    M    M  8.8 16  90   M    M  10 1      21  60
17  63  55  59  -2   6   0 0.44    M    M  4.2  9  70   M    M  10 1      12  80
18  72  62  67   5   0   2 0.14    M    M  3.5 10  60   M    M   9 1      13  60
19  72  62  67   5   0   2 0.84  0.0    M  6.9 18 160   M    M   9 1      29 160
20  77  59  68   6   0   3 0.00    M    M 10.2 22 230   M    M   6 13     37 210
21  71  49  60  -2   5   0 0.00    M    M  5.9 21 290   M    M   0        26 290
22  79  44  62  -1   3   0 0.00    M    M  7.2 21 280   M    M   0        30 280
23  67  55  61  -2   4   0 0.00    M    M  5.2 14 310   M    M   1        20 310
24  77  44  61  -2   4   0    T    M    M  1.5  9 200   M    M   1        12  90
25  78  58  68   5   0   3 0.75    M    M  5.2 17 220   M    M   6 13     25 240
================================================================================
SM 1876 1369        55  59  6.82     0.0 139.1          M      121
================================================================================
AV 75.0 54.8                               5.6 FASTST   M    M   5    MAX(MPH)
                                 MISC ---->  # 22 320               # 37  210
================================================================================
NOTES:
# LAST OF SEVERAL OCCURRENCES

COLUMN 17 PEAK WIND IN M.P.H.

PRELIMINARY LOCAL CLIMATOLOGICAL DATA (WS FORM: F-6) , PAGE 2

                                          STATION:  FULTON COUNTY AIRPORT
                                          MONTH:    APRIL
                                          YEAR:     2015
                                          LATITUDE:   33 46 N
                                          LONGITUDE:  84 31 W

[TEMPERATURE DATA]      [PRECIPITATION DATA]       SYMBOLS USED IN COLUMN 16

AVERAGE MONTHLY: 64.9   TOTAL FOR MONTH:   6.82    1 = FOG OR MIST
DPTR FM NORMAL:   4.5   DPTR FM NORMAL:    3.72    2 = FOG REDUCING VISIBILITY
HIGHEST:    88 ON  8    GRTST 24HR  1.23 ON  6- 7      TO 1/4 MILE OR LESS
LOWEST:     39 ON  5                               3 = THUNDER
                        SNOW, ICE PELLETS, HAIL    4 = ICE PELLETS
                        TOTAL MONTH:   0.0 INCH    5 = HAIL
                        GRTST 24HR     0.0         6 = FREEZING RAIN OR DRIZZLE
                        GRTST DEPTH:   0           7 = DUSTSTORM OR SANDSTORM:
                                                       VSBY 1/2 MILE OR LESS
                                                   8 = SMOKE OR HAZE
[NO. OF DAYS WITH]      [WEATHER - DAYS WITH]      9 = BLOWING SNOW
                                                   X = TORNADO
MAX 32 OR BELOW:   0    0.01 INCH OR MORE:  14
MAX 90 OR ABOVE:   0    0.10 INCH OR MORE:  13
MIN 32 OR BELOW:   0    0.50 INCH OR MORE:   6
MIN  0 OR BELOW:   0    1.00 INCH OR MORE:   2

[HDD (BASE 65) ]
TOTAL THIS MO.    55    CLEAR  (SCALE 0-3)  11
DPTR FM NORMAL   -85    PTCLDY (SCALE 4-7)   7
TOTAL FM JUL 1  2918    CLOUDY (SCALE 8-10)  7
DPTR FM NORMAL    79

[CDD (BASE 65) ]
TOTAL THIS MO.    59
DPTR FM NORMAL    34    [PRESSURE DATA]
TOTAL FM JAN 1    61    HIGHEST SLP M ON M
DPTR FM NORMAL    30    LOWEST  SLP 29.60 ON 25

[REMARKS]
