000
CXUS54 KJAN 281414
CF6GLH
PRELIMINARY LOCAL CLIMATOLOGICAL DATA (WS FORM: F-6)

                                          STATION:   GREENVILLE
                                          MONTH:     APRIL
                                          YEAR:      2015
                                          LATITUDE:   33 29 N
                                          LONGITUDE:  90 59 W

  TEMPERATURE IN F:       :PCPN:    SNOW:  WIND      :SUNSHINE: SKY     :PK WND
================================================================================
1   2   3   4   5  6A  6B    7    8   9   10  11  12  13   14  15   16   17  18
                                     12Z  AVG MX 2MIN
DY MAX MIN AVG DEP HDD CDD  WTR  SNW DPTH SPD SPD DIR MIN PSBL S-S WX    SPD DR
================================================================================

 1  81  57  69  10   0   4 0.00  0.0    0  9.0 21 190   M    M   4 18     27 180
 2  80  64  72  13   0   7    T  0.0    0 15.6 28 190   M    M   5 13     35 190
 3  82  56  69  10   0   4 0.12  0.0    0 18.2 33 360   M    M   6 13     45 350
 4  64  46  55  -5  10   0 0.00  0.0    0 11.8 23  30   M    M   1        29  20
 5  58  45  52  -8  13   0    T  0.0    0  5.3 13 130   M    M   5        16 130
 6  75  56  66   6   0   1    T  0.0    0  8.1 16 200   M    M   6 18     19 200
 7  80  66  73  12   0   8    T  0.0    0 11.2 24 210   M    M   3 18     29 210
 8  82  65  74  13   0   9 0.00  0.0    0 12.5 24 200   M    M   2 18     28 210
 9  82  70  76  15   0  11 0.49  0.0    0 16.1 30 210   M    M   5 138    37 210
10  73  50  62   1   3   0 1.14  0.0    0  9.9 23 360   M    M   3 13     28  10
11  75  47  61  -1   4   0 0.00  0.0    0  7.2 17  30   M    M   0        20  30
12  82  56  69   7   0   4 0.00  0.0    0  9.9 17 160   M    M   3        21 160
13  75  64  70   8   0   5 0.11  0.0    0  7.6 21 160   M    M   8 13     24 170
14  68  61  65   2   0   0 0.03  0.0    0  9.2 17  40   M    M  10 13     21  30
15  78  62  70   7   0   5    T  0.0    0  7.2 18 240   M    M   7 1      22 230
16  80  58  69   6   0   4 0.00  0.0    0  4.8 23 150   M    M   2 1      28 150
17  77  66  72   8   0   7 0.01  0.0    0  7.5 16  40   M    M   6 1      22  30
18  69  64  67   3   0   2 0.05  0.0    0  8.2 16 130   M    M   7 1      21 120
19  78  63  71   7   0   6 0.37  0.0    0 11.6 24 210   M    M   6 13     33 260
20  69  54  62  -3   3   0 0.00  0.0    0 10.4 22 320   M    M   0        29 320
21  73  47  60  -5   5   0 0.00  0.0    0  5.4 14 250   M    M   0        21 250
22  80  51  66   1   0   1    T  0.0    0  4.9 12 280   M    M   2        20 220
23  66  56  61  -5   4   0 0.02  0.0    0  9.2 17  40   M    M   4 13     20  50
24  67  56  62  -4   3   0 1.57  0.0    0  7.8 26 350   M    M   7 13     36 340
25  83  63  73   7   0   8 0.04  0.0    0 11.1 21 220   M    M   4 138    25 230
26  80  59  70   3   0   5 0.00  0.0    0 10.4 23  30   M    M   0 1      30  40
27  71  56  64  -3   1   0 0.00  0.0    0 13.4 22  40   M    M   0        28  50
================================================================================
SM 2028 1558        46  91  3.95     0.0 263.5          M      106
================================================================================
AV 75.1 57.7                               9.8 FASTST   M    M   4    MAX(MPH)
                                 MISC ---->  # 33 360               # 45  350
================================================================================
NOTES:
# LAST OF SEVERAL OCCURRENCES

COLUMN 17 PEAK WIND IN M.P.H.

PRELIMINARY LOCAL CLIMATOLOGICAL DATA (WS FORM: F-6) , PAGE 2

                                          STATION:  GREENVILLE
                                          MONTH:    APRIL
                                          YEAR:     2015
                                          LATITUDE:   33 29 N
                                          LONGITUDE:  90 59 W

[TEMPERATURE DATA]      [PRECIPITATION DATA]       SYMBOLS USED IN COLUMN 16

AVERAGE MONTHLY: 66.4   TOTAL FOR MONTH:   3.95    1 = FOG OR MIST
DPTR FM NORMAL:   3.6   DPTR FM NORMAL:   -0.43    2 = FOG REDUCING VISIBILITY
HIGHEST:    83 ON 25    GRTST 24HR  1.63 ON  9-10      TO 1/4 MILE OR LESS
LOWEST:     45 ON  5                               3 = THUNDER
                        SNOW, ICE PELLETS, HAIL    4 = ICE PELLETS
                        TOTAL MONTH:   0.0 INCH    5 = HAIL
                        GRTST 24HR     0.0         6 = FREEZING RAIN OR DRIZZLE
                        GRTST DEPTH:   0           7 = DUSTSTORM OR SANDSTORM:
                                                       VSBY 1/2 MILE OR LESS
                                                   8 = SMOKE OR HAZE
[NO. OF DAYS WITH]      [WEATHER - DAYS WITH]      9 = BLOWING SNOW
                                                   X = TORNADO
MAX 32 OR BELOW:   0    0.01 INCH OR MORE:  11
MAX 90 OR ABOVE:   0    0.10 INCH OR MORE:   6
MIN 32 OR BELOW:   0    0.50 INCH OR MORE:   2
MIN  0 OR BELOW:   0    1.00 INCH OR MORE:   2

[HDD (BASE 65) ]
TOTAL THIS MO.    46    CLEAR  (SCALE 0-3)  12
DPTR FM NORMAL   -67    PTCLDY (SCALE 4-7)  14
TOTAL FM JUL 1  2854    CLOUDY (SCALE 8-10)  1
DPTR FM NORMAL    96

[CDD (BASE 65) ]
TOTAL THIS MO.    91
DPTR FM NORMAL    40    [PRESSURE DATA]
TOTAL FM JAN 1    98    HIGHEST SLP M ON M
DPTR FM NORMAL    25    LOWEST  SLP 29.64 ON 25

[REMARKS]
