000
CXUS56 KTFX 241205
CF6HVR
PRELIMINARY LOCAL CLIMATOLOGICAL DATA (WS FORM: F-6)

                                          STATION:   HAVRE MT
                                          MONTH:     APRIL
                                          YEAR:      2015
                                          LATITUDE:   48 32 N
                                          LONGITUDE: 109 46 W

  TEMPERATURE IN F:       :PCPN:    SNOW:  WIND      :SUNSHINE: SKY     :PK WND
================================================================================
1   2   3   4   5  6A  6B    7    8   9   10  11  12  13   14  15   16   17  18
                                     12Z  AVG MX 2MIN
DY MAX MIN AVG DEP HDD CDD  WTR  SNW DPTH SPD SPD DIR MIN PSBL S-S WX    SPD DR
================================================================================

 1  53  34  44   4  21   0    T  0.0    0 21.7 41 280   M    M   6        55 270
 2  49  30  40   0  25   0 0.01    T    0 13.1 31 310   M    M   6 16     38 320
 3  53  24  39  -1  26   0 0.00  0.0    0 10.7 25 270   M    M   5        32 260
 4  56  21  39  -2  26   0 0.08  0.0    0  7.5 29 270   M    M   4 1      34 280
 5  36  31  34  -7  31   0 0.00  0.0    0 11.9 18  90   M    M   8 12     23  80
 6  38  28  33  -9  32   0 0.03    T    T 17.2 29  90   M    M  10 1      34  90
 7  56  29  43   1  22   0 0.01    M    0  7.2 17  70   M    M   5 12     28 290
 8  58  29  44   2  21   0 0.00  0.0    0  9.8 21  30   M    M   5        26  30
 9  63  26  45   3  20   0 0.00  0.0    0  5.3 15 230   M    M   0        19 230
10  66  24  45   2  20   0 0.00  0.0    0 10.0 25 210   M    M   0        31 200
11  66  41  54  11  11   0    T  0.0    0 21.1 41 270   M    M   1        52 280
12  52  25  39  -4  26   0 0.01  0.0    0 17.7 37 260   M    M   4        47 270
13  61  23  42  -2  23   0 0.00  0.0    0  9.5 22 230   M    M   0        27 230
14  70  26  48   4  17   0 0.09  0.0    0 10.3 36 280   M    M   3        45 290
15  58  26  42  -2  23   0 0.07  0.0    0 13.7 25 310   M    M   4        32 320
16  65  26  46   1  19   0 0.00  0.0    0  9.9 21 220   M    M   0        26 250
17  71  31  51   6  14   0 0.00  0.0    0  9.2 22  90   M    M   0        27  90
18  56  25  41  -4  24   0    T  0.0    0 13.5 29 300   M    M   7        37 320
19  55  22  39  -7  26   0 0.00  0.0    0  8.2 18 310   M    M   3        23 330
20  67  21  44  -2  21   0 0.00  0.0    0  6.1 22 310   M    M   1        28 300
21  67  29  48   2  17   0 0.00  0.0    0  8.7 17 100   M    M   0        21  90
22  74  33  54   8  11   0 0.01  0.0    0  6.4 30 230   M    M   2        34 230
23  64  36  50   3  15   0 0.02  0.0    0  4.3 13 250   M    M   3        15 240
================================================================================
SM 1354  640       491   0  0.33    T    253.0          M       77
================================================================================
AV 58.9 27.8                              11.0 FASTST   M    M   3    MAX(MPH)
                                 MISC ---->  # 41 280               # 55  270
================================================================================
NOTES:
# LAST OF SEVERAL OCCURRENCES

COLUMN 17 PEAK WIND IN M.P.H.

PRELIMINARY LOCAL CLIMATOLOGICAL DATA (WS FORM: F-6) , PAGE 2

                                          STATION:  HAVRE MT
                                          MONTH:    APRIL
                                          YEAR:     2015
                                          LATITUDE:   48 32 N
                                          LONGITUDE: 109 46 W

[TEMPERATURE DATA]      [PRECIPITATION DATA]       SYMBOLS USED IN COLUMN 16

AVERAGE MONTHLY: 43.3   TOTAL FOR MONTH:   0.33    1 = FOG OR MIST
DPTR FM NORMAL:  -0.0   DPTR FM NORMAL:   -0.25    2 = FOG REDUCING VISIBILITY
HIGHEST:    74 ON 22    GRTST 24HR  0.16 ON 14-15      TO 1/4 MILE OR LESS
LOWEST:     21 ON 20, 4                            3 = THUNDER
                        SNOW, ICE PELLETS, HAIL    4 = ICE PELLETS
                        TOTAL MONTH:    T          5 = HAIL
                        GRTST 24HR    T  ON  6- 6  6 = FREEZING RAIN OR DRIZZLE
                        GRTST DEPTH:   T           7 = DUSTSTORM OR SANDSTORM:
                                                       VSBY 1/2 MILE OR LESS
                                                   8 = SMOKE OR HAZE
[NO. OF DAYS WITH]      [WEATHER - DAYS WITH]      9 = BLOWING SNOW
                                                   X = TORNADO
MAX 32 OR BELOW:   0    0.01 INCH OR MORE:   9
MAX 90 OR ABOVE:   0    0.10 INCH OR MORE:   0
MIN 32 OR BELOW:  19    0.50 INCH OR MORE:   0
MIN  0 OR BELOW:   0    1.00 INCH OR MORE:   0

[HDD (BASE 65) ]
TOTAL THIS MO.   491    CLEAR  (SCALE 0-3)  12
DPTR FM NORMAL    -8    PTCLDY (SCALE 4-7)   9
TOTAL FM JUL 1  6891    CLOUDY (SCALE 8-10)  2
DPTR FM NORMAL  -726

[CDD (BASE 65) ]
TOTAL THIS MO.     0
DPTR FM NORMAL     0    [PRESSURE DATA]
TOTAL FM JAN 1     0    HIGHEST SLP M ON M
DPTR FM NORMAL     0    LOWEST  SLP 29.54 ON 14

[REMARKS]
