000
CXUS55 KJKL 210800
CF6JKL
PRELIMINARY LOCAL CLIMATOLOGICAL DATA (WS FORM: F-6)

                                          STATION:   JACKSON KY
                                          MONTH:     APRIL
                                          YEAR:      2015
                                          LATITUDE:   37 35 N
                                          LONGITUDE:  83 19 W

  TEMPERATURE IN F:       :PCPN:    SNOW:  WIND      :SUNSHINE: SKY     :PK WND
================================================================================
1   2   3   4   5  6A  6B    7    8   9   10  11  12  13   14  15   16   17  18
                                     12Z  AVG MX 2MIN
DY MAX MIN AVG DEP HDD CDD  WTR  SNW DPTH SPD SPD DIR MIN PSBL S-S WX    SPD DR
================================================================================

 1  67  38  53   0  12   0 0.00  0.0    0  3.1  6  50   M    M   0         M  M
 2  75  52  64  11   1   0 0.21  0.0    0  6.4 16 190   M    M   4 13     29 170
 3  67  48  58   4   7   0 4.29  0.0    0  6.8 21 330   M    M   8 123    35  10
 4  56  39  48  -6  17   0 0.00  0.0    0  5.2 12 320   M    M   3        20 360
 5  68  38  53  -1  12   0 0.00  0.0    0  3.4 13 260   M    M   0        18 230
 6  69  53  61   7   4   0    T  0.0    0  4.4 12 180   M    M   7        21 150
 7  67  56  62   7   3   0 1.08  0.0    0  3.7 15 270   M    M   9 123    22 280
 8  80  57  69  14   0   4 0.04  0.0    0  3.5  9 190   M    M   5 123    14 200
 9  84  62  73  17   0   8 0.00  0.0    0  4.7 13 200   M    M   2        24 180
10  73  49  61   5   4   0 0.71  0.0    0  6.6 22 280   M    M   4 13     31 280
11  66  45  56   0   9   0 0.00  0.0    0  3.3  8  10   M    M   0        14 330
12  82  47  65   9   0   0 0.00  0.0    0  3.7  9 300   M    M   0        15 200
13  81  60  71  14   0   6 0.28  0.0    0  3.3 14 190   M    M   5 12     23 160
14  63  50  57   0   8   0 2.01  0.0    0  3.9 12  50   M    M  10 12     18  40
15  60  50  55  -2  10   0 0.09  0.0    0  3.1  6  99   M    M  10 1       M  M
16  68  54  61   3   4   0 0.40  0.0    0  2.4 10 250   M    M   8 138    18 270
17  76  57  67   9   0   2    T  0.0    0  2.6  8 150   M    M   7        11 160
18  82  58  70  12   0   5 0.00  0.0    0  1.2  9 130   M    M   1        15  50
19  69  61  65   7   0   0 0.27  0.0    0  5.6 13 150   M    M   8 1      22 180
20  71  50  61   2   4   0 0.07  0.0    0  5.6 21 270   M    M   7 13     33 310
================================================================================
SM 1424 1024        95  25  9.45     0.0  82.5          M       98
================================================================================
AV 71.2 51.2                               4.1 FASTST   M    M   5    MAX(MPH)
                                 MISC ---->  # 22 280               # 35   10
================================================================================
NOTES:
# LAST OF SEVERAL OCCURRENCES

COLUMN 17 PEAK WIND IN M.P.H.

PRELIMINARY LOCAL CLIMATOLOGICAL DATA (WS FORM: F-6) , PAGE 2

                                          STATION:  JACKSON KY
                                          MONTH:    APRIL
                                          YEAR:     2015
                                          LATITUDE:   37 35 N
                                          LONGITUDE:  83 19 W

[TEMPERATURE DATA]      [PRECIPITATION DATA]       SYMBOLS USED IN COLUMN 16

AVERAGE MONTHLY: 61.2   TOTAL FOR MONTH:   9.45    1 = FOG OR MIST
DPTR FM NORMAL:   5.3   DPTR FM NORMAL:    6.96    2 = FOG REDUCING VISIBILITY
HIGHEST:    84 ON  9    GRTST 24HR  4.45 ON  2- 3      TO 1/4 MILE OR LESS
LOWEST:     38 ON  5, 1                            3 = THUNDER
                        SNOW, ICE PELLETS, HAIL    4 = ICE PELLETS
                        TOTAL MONTH:   0.0 INCH    5 = HAIL
                        GRTST 24HR     0.0         6 = FREEZING RAIN OR DRIZZLE
                        GRTST DEPTH:   0           7 = DUSTSTORM OR SANDSTORM:
                                                       VSBY 1/2 MILE OR LESS
                                                   8 = SMOKE OR HAZE
[NO. OF DAYS WITH]      [WEATHER - DAYS WITH]      9 = BLOWING SNOW
                                                   X = TORNADO
MAX 32 OR BELOW:   0    0.01 INCH OR MORE:  11
MAX 90 OR ABOVE:   0    0.10 INCH OR MORE:   8
MIN 32 OR BELOW:   0    0.50 INCH OR MORE:   4
MIN  0 OR BELOW:   0    1.00 INCH OR MORE:   3

[HDD (BASE 65) ]
TOTAL THIS MO.    95    CLEAR  (SCALE 0-3)   6
DPTR FM NORMAL  -109    PTCLDY (SCALE 4-7)  10
TOTAL FM JUL 1  4408    CLOUDY (SCALE 8-10)  4
DPTR FM NORMAL   351

[CDD (BASE 65) ]
TOTAL THIS MO.    25
DPTR FM NORMAL     4    [PRESSURE DATA]
TOTAL FM JAN 1    25    HIGHEST SLP  0.00 ON  1
DPTR FM NORMAL    -3    LOWEST  SLP  0.00 ON  1

[REMARKS]
